{"id":130,"date":"2026-04-05T04:44:06","date_gmt":"2026-04-05T04:44:06","guid":{"rendered":"https:\/\/hn.sa.com\/?page_id=130"},"modified":"2026-04-05T04:44:06","modified_gmt":"2026-04-05T04:44:06","slug":"no-hu-789p","status":"publish","type":"page","link":"https:\/\/inpasila.ru.com\/index.php\/no-hu-789p\/","title":{"rendered":"N\u1ed5 H\u0169 789P &#8211; Ch\u1ea1m Tay Chi\u1ebfn Th\u1eafng, Nh\u1eadn Jackpot L\u1edbn"},"content":{"rendered":"<h1 style=\"text-align: center;\"><b>N\u1ed5 H\u0169 789P &#8211; Ch\u1ea1m Tay Chi\u1ebfn Th\u1eafng, Nh\u1eadn Jackpot L\u1edbn<\/b><\/h1>\n<p><b>N\u1ed5 h\u0169 789P<\/b><span style=\"font-weight: 400;\"> li\u00ean t\u1ee5c nh\u1eadn v\u1ec1 s\u1ef1 quan t\u00e2m c\u1ee7a kh\u00e1ch h\u00e0ng, l\u00e0 \u0111i\u1ec3m ch\u1ecdn l\u00fd t\u01b0\u1edfng n\u1ebfu tay ch\u01a1i mu\u1ed1n th\u01b0\u1edfng th\u1ee9c cu\u1ed9c gi\u1ea3i tr\u00ed ng\u1eafn h\u1ea1n k\u00e8m ph\u1ea7n th\u01b0\u1edfng l\u1edbn. \u0110\u1ed9i ng\u0169 ph\u00e1t tri\u1ec3n v\u1edbi tay ngh\u1ec1 cao, mang \u0111\u1ebfn nhi\u1ec1u phi\u00ean b\u1ea3n h\u1ea5p d\u1eabn th\u1ecfa m\u00e3n \u0111am m\u00ea ch\u00e1y b\u1ecfng. C\u00f9ng \u0111\u1ed9i ng\u0169 789P kh\u00e1m ph\u00e1 v\u1ec1 danh m\u1ee5c \u0111\u1eaft kh\u00e1ch nh\u1ea5t nh\u00e9.<\/span><\/p>\n<h2><b>T\u1ea1i sao h\u1ed9i vi\u00ean y\u00eau th\u00edch s\u00e2n ch\u01a1i n\u1ed5 h\u0169 789P<\/b><\/h2>\n<p><span style=\"font-weight: 400;\">789P \u0111\u00e3 ti\u1ebfn h\u00e0nh t\u1ed5ng h\u1ee3p, th\u1ed1ng k\u00ea v\u00e0 ph\u00e2n t\u00edch nh\u1eadn th\u1ea5y s\u1ed1 l\u01b0\u1ee3ng ng\u01b0\u1eddi ch\u01a1i tham gia \u0111\u00f4ng \u0111\u1ea3o v\u1edbi <\/span><b>n\u1ed5 h\u0169 789P online.<\/b><span style=\"font-weight: 400;\"> C\u00f3 nhi\u1ec1u l\u00fd do khi\u1ebfn danh m\u1ee5c \u0111\u01b0\u1ee3c h\u1ed9i vi\u00ean \u0111\u1eb7c bi\u1ec7t \u01b0a chu\u1ed9ng. T\u1ea5t c\u1ea3 l\u00e0 b\u1edfi l\u00e0 s\u1ef1 ch\u1ec9n chu v\u1ec1 ch\u1ea5t l\u01b0\u1ee3ng s\u1ea3n ph\u1ea9m gi\u1ea3i tr\u00ed:<\/span><\/p>\n<figure id=\"attachment_132\" aria-describedby=\"caption-attachment-132\" style=\"width: 800px\" class=\"wp-caption aligncenter\"><img loading=\"lazy\" decoding=\"async\" class=\"size-full wp-image-132\" src=\"https:\/\/inpasila.ru.com\/wp-content\/uploads\/2026\/04\/ly-do-thanh-vien-yeu-thich-sanh-cuoc-no-hu-789p.jpg\" alt=\"L\u00fd do th\u00e0nh vi\u00ean y\u00eau th\u00edch s\u1ea3nh c\u01b0\u1ee3c n\u1ed5 h\u0169 789P\" width=\"800\" height=\"400\" srcset=\"https:\/\/inpasila.ru.com\/wp-content\/uploads\/2026\/04\/ly-do-thanh-vien-yeu-thich-sanh-cuoc-no-hu-789p.jpg 800w, https:\/\/inpasila.ru.com\/wp-content\/uploads\/2026\/04\/ly-do-thanh-vien-yeu-thich-sanh-cuoc-no-hu-789p-300x150.jpg 300w, https:\/\/inpasila.ru.com\/wp-content\/uploads\/2026\/04\/ly-do-thanh-vien-yeu-thich-sanh-cuoc-no-hu-789p-768x384.jpg 768w\" sizes=\"auto, (max-width: 800px) 100vw, 800px\" \/><figcaption id=\"caption-attachment-132\" class=\"wp-caption-text\">L\u00fd do th\u00e0nh vi\u00ean y\u00eau th\u00edch s\u1ea3nh c\u01b0\u1ee3c n\u1ed5 h\u0169 789P<\/figcaption><\/figure>\n<h3><b>\u0110\u1ea3m b\u1ea3o t\u00ednh minh b\u1ea1ch, c\u00f4ng b\u1eb1ng cho tay ch\u01a1i<\/b><\/h3>\n<p><span style=\"font-weight: 400;\">Y\u1ebfu t\u1ed1 khi\u1ebfn h\u1ed9i vi\u00ean tin t\u01b0\u1edfng v\u00e0 s\u1eb5n s\u00e0ng tham gia <\/span><b>n\u1ed5 h\u0169 789P<\/b><span style=\"font-weight: 400;\"> ch\u00ednh l\u00e0 s\u1ef1 \u0111\u1ea3m b\u1ea3o v\u1ec1 m\u00f4i tr\u01b0\u1eddng gi\u1ea3i tr\u00ed kh\u00f4ng gian l\u1eadn. Nh\u00e0 c\u00e1i cam k\u1ebft lu\u00f4n h\u01b0\u1edbng \u0111\u1ebfn tr\u1ea3i nghi\u1ec7m c\u00f4ng b\u1eb1ng tuy\u1ec7t \u0111\u1ed1i:<\/span><\/p>\n<ul>\n<li style=\"font-weight: 400;\" aria-level=\"1\"><span style=\"font-weight: 400;\">Th\u01b0\u01a1ng hi\u1ec7u v\u00f4 c\u00f9ng t\u1ef1 h\u00e0o khi \u0111\u00e3 \u0111\u01b0\u1ee3c s\u1ef1 h\u1ee3p ph\u00e1p h\u00f3a t\u1eeb t\u1ed5 ch\u1ee9c qu\u1ea3n l\u00fd h\u00e0ng \u0111\u1ea7u tr\u00ean th\u1ebf gi\u1edbi. V\u00ed d\u1ee5 nh\u01b0 PAGCOR, Curacao, Isle of Man,&#8230; C\u00f3 th\u1ec3 \u0111\u1ea3m b\u1ea3o ng\u01b0\u1eddi ch\u01a1i kh\u00f4ng bao gi\u1edd g\u1eb7p v\u1ea5n \u0111\u1ec1 gian l\u1eadn.<\/span><\/li>\n<li style=\"font-weight: 400;\" aria-level=\"1\"><span style=\"font-weight: 400;\">Nguy\u00ean t\u1eafc ho\u1ea1t \u0111\u1ed9ng c\u1ee7a game slot n\u00e0y d\u1ef1a tr\u00ean b\u1ed9 t\u1ea1o s\u1ed1 ng\u1eabu nhi\u00ean RNG. K\u1ebft qu\u1ea3 \u0111\u1ea3m b\u1ea3o kh\u00f4ng th\u1ec3 \u0111o\u00e1n tr\u01b0\u1edbc c\u0169ng kh\u00f4ng ai c\u00f3 th\u1ec3 can thi\u1ec7p v\u00e0 thay \u0111\u1ed5i.<\/span><\/li>\n<li style=\"font-weight: 400;\" aria-level=\"1\"><b>N\u1ed5 h\u0169 789P tr\u1ef1c tuy\u1ebfn<\/b><span style=\"font-weight: 400;\"> c\u00f3 t\u1ef7 l\u1ec7 RTP c\u1ef1c k\u1ef3 cao, th\u01b0\u1edfng tr\u00ean 90% gi\u00fap ng\u01b0\u1eddi ch\u01a1i c\u1ea3m th\u1ea5y y\u00ean t\u00e2m h\u01a1n.<\/span><\/li>\n<\/ul>\n<h3><b>T\u1ea1o \u0111i\u1ec1u ki\u1ec7n ki\u1ebfm thu nh\u1eadp, \u0111\u1ed5i \u0111\u1eddi nhanh g\u1ecdn<\/b><\/h3>\n<p><span style=\"font-weight: 400;\">H\u1ed9i vi\u00ean \u01b0a chu\u1ed9ng tham gai v\u00e0o danh m\u1ee5c kh\u00f4ng ch\u1ec9 \u0111\u1ec3 gi\u1ea3i tr\u00ed. Nh\u00e0 c\u00e1i \u0111\u00e3 t\u1ea1o \u0111i\u1ec1u ki\u1ec7n cho h\u1ed9i vi\u00ean \u0111\u1ed5i \u0111\u1eddi v\u00e0 l\u00e0m gi\u00e0u nh\u01b0 sau:<\/span><\/p>\n<ul>\n<li style=\"font-weight: 400;\" aria-level=\"1\"><span style=\"font-weight: 400;\">T\u1ef7 l\u1ec7 th\u01b0\u1edfng c\u1ea1nh tranh \u0111\u00e3 tr\u1edf th\u00e0nh \u0111i\u1ec3m c\u1ed9ng c\u1ee7a chuy\u00ean m\u1ee5c <\/span><b>n\u1ed5 h\u0169 789P. <\/b><span style=\"font-weight: 400;\">Ng\u01b0\u1eddi ch\u01a1i \u0111\u1ea7u t\u01b0 s\u1ed1 v\u1ed1n nho nh\u1ecf v\u00e0o vi\u1ec7c gi\u1ea3i tr\u00ed v\u00e0 n\u1ebfu may m\u1eafn s\u1ebd rinh v\u1ec1 m\u00f3n qu\u00e0 kh\u1ee7ng.<\/span><\/li>\n<li style=\"font-weight: 400;\" aria-level=\"1\"><span style=\"font-weight: 400;\">\u0110i\u1ec3m \u0111\u1eb7c bi\u1ec7t ch\u00ednh l\u00e0 c\u01a1 ch\u1ebf t\u00edch l\u0169y h\u0169 Jackpot qua nhi\u1ec1u v\u00f2ng c\u01b0\u1ee3c. Ai th\u1ef1c s\u1ef1 may m\u1eafn s\u1ebd chinh ph\u1ee5c qu\u1ef9 th\u01b0\u1edfng h\u00e0ng ch\u1ee5c t\u1ef7 \u0111\u1ed3ng v\u1edbi tr\u00f2 ch\u01a1i game slot.<\/span><\/li>\n<\/ul>\n<h3><b>Tr\u1ea3i nghi\u1ec7m giao di\u1ec7n n\u1ed5 h\u0169 789P \u01b0u vi\u1ec7t<\/b><\/h3>\n<p><span style=\"font-weight: 400;\">Trong k\u1ef7 nguy\u00ean s\u1ed1, tr\u1ea3i nghi\u1ec7m v\u1ec1 m\u1eb7t h\u00ecnh th\u1ee9c l\u00e0 y\u1ebfu t\u1ed1 kh\u00f4ng th\u1ec3 thi\u1ebfu \u0111\u1ec3 gi\u1eef ch\u00e2n ng\u01b0\u1eddi tham gia. H\u1ed9i vi\u00ean y\u00eau th\u00edch danh m\u1ee5c b\u1edfi s\u1ef1 \u0111\u1ea7u t\u01b0 \u0111\u1ec9nh cao v\u00e0o giao di\u1ec7n h\u00ecnh \u1ea3nh:<\/span><\/p>\n<ul>\n<li style=\"font-weight: 400;\" aria-level=\"1\"><b>N\u1ed5 h\u0169 789P \u0111\u1ed5i th\u01b0\u1edfng<\/b><span style=\"font-weight: 400;\"> t\u1ea1i s\u00e2n ch\u01a1i l\u00e0 t\u00e1c ph\u1ea9m v\u00f4 c\u00f9ng \u0111\u1eb9p m\u1eaft v\u1edbi \u0111\u1ed3 h\u1ecda 3D ph\u1ee9c t\u1ea1p, m\u00e0u s\u1eafc b\u1eaft m\u1eaft v\u00e0 hi\u1ec7u \u1ee9ng chuy\u1ec3n \u0111\u1ed9ng c\u1ef1c k\u1ef3 m\u01b0\u1ee3t m\u00e0. Nh\u00e0 c\u00e1i thi\u1ebft k\u1ebf sao cho ph\u00f9 h\u1ee3p v\u1edbi ch\u1ee7 \u0111\u1ec1 m\u00e0 game \u0111ang th\u1ec3 hi\u1ec7n nh\u01b0: v\u0169 tr\u1ee5 k\u1ef3 quan c\u1ed5 \u0111\u1ea1i, t\u1eeb th\u1ea7n tho\u1ea1i. \u0110i\u1ec1u n\u00e0y bi\u1ebfn m\u1ed7i v\u00f2ng c\u01b0\u1ee3c th\u00e0nh chuy\u1ebfn phi\u00eau l\u01b0u kh\u00f3 qu\u00ean, h\u1ea5p d\u1eabn.<\/span><\/li>\n<li style=\"font-weight: 400;\" aria-level=\"1\"><span style=\"font-weight: 400;\">\u00c2m thanh \u0111\u00f3ng vai tr\u00f2 c\u1ef1c k\u1ef3 quan tr\u1ecdng trong vi\u1ec7c t\u1ea1o c\u1ea3m x\u00fac ng\u01b0\u1eddi tham gia. Nh\u00e0 c\u00e1i s\u1eed d\u1ee5ng nh\u1ea1c n\u1ec1n thay \u0111\u1ed5i theo tr\u1ea1ng th\u00e1i tr\u00f2 ch\u01a1i, hi\u1ec7u \u1ee9ng \u00e2m thanh c\u1ef1c k\u1ef3 k\u00edch th\u00edch,&#8230; T\u1eeb \u0111\u00f3 t\u1ea1o n\u00ean tr\u1ea3i nghi\u1ec7m \u0111\u1ec9nh cao khi\u1ebfn h\u1ed9i vi\u00ean \u0111\u1eafm ch\u00ecm ho\u00e0n to\u00e0n v\u00e0o th\u1ebf gi\u1edbi quay th\u01b0\u1edfng.<\/span><\/li>\n<li style=\"font-weight: 400;\" aria-level=\"1\"><span style=\"font-weight: 400;\">\u1ee8ng d\u1ee5ng v\u00e0 trang website di \u0111\u1ed9ng \u0111\u01b0\u1ee3c t\u1ed1i \u01b0u h\u00f3a \u0111\u1ec3 t\u1ea3i game c\u1ef1c k\u1ef3 nhanh ch\u00f3ng, gi\u1ea3m thi\u1ec3u th\u1eddi gian ch\u1edd \u0111\u1ee3i v\u00e0 tr\u00e1nh t\u00ecnh tr\u1ea1ng gi\u1eadt lag d\u00f9 v\u00e0o gi\u1edd cao \u0111i\u1ec3m. H\u1ed9i vi\u00ean tham gia tr\u1ea3i nghi\u1ec7m \u0111\u1ec1u kh\u00f4ng g\u1eb7p b\u1ea5t k\u1ef3 tr\u1edf ng\u1ea1i hay kh\u00f3 kh\u0103n n\u00e0o.<\/span><\/li>\n<\/ul>\n<h2><b>Chuy\u00ean m\u1ee5c hot hit t\u1ea1i s\u00e2n ch\u01a1i n\u1ed5 h\u0169 789P<\/b><\/h2>\n<p><span style=\"font-weight: 400;\">Game quay h\u0169 tr\u00fang th\u01b0\u1edfng c\u00f3 m\u1eb7t t\u1ea1i s\u00e2n ch\u01a1i <\/span><b>n\u1ed5 h\u0169 789P<\/b><span style=\"font-weight: 400;\"> v\u00f4 c\u00f9ng \u0111a d\u1ea1ng, khi\u1ebfn h\u1ed9i vi\u00ean \u0111au \u0111\u1ea7u m\u1ed7i khi \u0111\u01b0a ra quy\u1ebft \u0111\u1ecbnh tham gia. Ch\u00fang t\u00f4i n\u1eafm \u0111\u01b0\u1ee3c \u0111i\u1ec1u \u0111\u00f3 n\u00ean \u0111\u00e3 chia s\u1ebb chuy\u00ean m\u1ee5c c\u1ef1c hot cho h\u1ed9i vi\u00ean tham kh\u1ea3o:<\/span><\/p>\n<figure id=\"attachment_133\" aria-describedby=\"caption-attachment-133\" style=\"width: 800px\" class=\"wp-caption aligncenter\"><img loading=\"lazy\" decoding=\"async\" class=\"size-full wp-image-133\" src=\"https:\/\/inpasila.ru.com\/wp-content\/uploads\/2026\/04\/danh-muc-tro-choi-vo-cung-hot-hit-tai-sanh-cuoc-quay-hu.jpg\" alt=\"Danh m\u1ee5c tr\u00f2 ch\u01a1i v\u00f4 c\u00f9ng hot hit t\u1ea1i s\u1ea3nh c\u01b0\u1ee3c quay h\u0169\" width=\"800\" height=\"400\" srcset=\"https:\/\/inpasila.ru.com\/wp-content\/uploads\/2026\/04\/danh-muc-tro-choi-vo-cung-hot-hit-tai-sanh-cuoc-quay-hu.jpg 800w, https:\/\/inpasila.ru.com\/wp-content\/uploads\/2026\/04\/danh-muc-tro-choi-vo-cung-hot-hit-tai-sanh-cuoc-quay-hu-300x150.jpg 300w, https:\/\/inpasila.ru.com\/wp-content\/uploads\/2026\/04\/danh-muc-tro-choi-vo-cung-hot-hit-tai-sanh-cuoc-quay-hu-768x384.jpg 768w\" sizes=\"auto, (max-width: 800px) 100vw, 800px\" \/><figcaption id=\"caption-attachment-133\" class=\"wp-caption-text\">Danh m\u1ee5c tr\u00f2 ch\u01a1i v\u00f4 c\u00f9ng hot hit t\u1ea1i s\u1ea3nh c\u01b0\u1ee3c quay h\u0169<\/figcaption><\/figure>\n<h3><b>Slot game \u0111\u1ec9nh cao &#8211; Gates of Olympus<\/b><\/h3>\n<p><span style=\"font-weight: 400;\">Gates of Olympus &#8211; S\u1ea3n ph\u1ea9m \u0111\u1ec9nh cao t\u1eeb nh\u00e0 cung c\u1ea5p game Pragmatic Play. \u0110\u00e2y l\u00e0 m\u1ed9t trong nh\u1eefng t\u1ef1a game c\u00f3 s\u1ee9c h\u00fat c\u1ef1c k\u1ef3 l\u1edbn v\u1edbi ng\u01b0\u1eddi tham gia b\u1edfi ch\u1ee7 \u0111\u1ec1 c\u1ef1c th\u00fa v\u1ecb. C\u00e1c b\u1ea1n \u0111\u01b0\u1ee3c kh\u00e1m ph\u00e1 th\u1ea7n tho\u1ea1i Hy l\u1ea1p v\u1edbi v\u1ecb th\u1ea7n Zeus c\u1ef1c k\u1ef3 uy nghi\u00eam.<\/span><\/p>\n<p><span style=\"font-weight: 400;\">H\u1ed9i vi\u00ean h\u00e3y tham gia c\u00e1 c\u01b0\u1ee3c, t\u00ecm ki\u1ebfm cu\u1ed9c h\u00e0nh tr\u00ecnh phi\u00eau l\u01b0u c\u00f9ng s\u00e2n ch\u01a1i. \u0110i\u1ec3m \u0111\u1eb7c bi\u1ec7t nh\u1ea5t l\u00e0m n\u00ean t\u00ean tu\u1ed5i c\u1ee7a t\u1ef1a game ch\u00ednh l\u00e0 h\u1ec7 s\u1ed1 nh\u00e2n, Zeus c\u00f3 th\u1ec3 ng\u1eabu nhi\u00ean tung ra c\u00e1c qu\u1ea3 c\u1ea7u l\u1eeda h\u1ec7 s\u1ed1 nh\u00e2n t\u1eeb 2x \u0111\u1ebfn 300x, t\u1ea1o \u0111i\u1ec1u ki\u1ec7n \u0111\u1ed5i \u0111\u1eddi nhanh ch\u00f3ng.<\/span><\/p>\n<h3><b>Kho b\u00e1u Aztec &#8211; Game slot c\u1ef1c hot hit 2026\u00a0<\/b><\/h3>\n<p><span style=\"font-weight: 400;\">Tr\u00f2 ch\u01a1i quay th\u01b0\u1edfng kho b\u00e1u Aztec &#8211; Treasures of Aztec t\u1eeb PG soft l\u00e0 si\u00eau ph\u1ea9m \u0111\u1ec9nh cao mang s\u1ee9c h\u00fat kh\u00f3 c\u01b0\u1ee1ng. Ng\u01b0\u1eddi ch\u01a1i \u0111\u01b0\u1ee3c du h\u00e0nh xuy\u00ean th\u1eddi gian v\u00e0 kh\u00f4ng gian, t\u00ecm hi\u1ec3u n\u1ec1n v\u0103n minh m\u1edbi m\u1ebb. T\u1ea1i \u0111\u00e2y xu\u1ea5t hi\u1ec7n c\u00e1c h\u00ecnh \u1ea3nh kim t\u1ef1 th\u00e1p c\u1ed5 \u0111\u1ea1i, nh\u1eefng chi\u1ebfn tranh,&#8230;<\/span><\/p>\n<p><span style=\"font-weight: 400;\">Cu\u1ed9c h\u00e0nh tr\u00ecnh phi\u00eau l\u01b0u \u0111\u1ec9nh cao n\u00e0y s\u1ebd khi\u1ebfn m\u1ed7i ph\u00fat gi\u00e2y c\u1ee7a h\u1ed9i vi\u00ean \u0111\u1ec1u th\u0103ng hoa h\u01a1n bao gi\u1edd h\u1ebft. V\u00e0 \u0111\u1eb7c bi\u1ec7t l\u00e0 c\u01a1 h\u1ed9i t\u00ecm ki\u1ebfm r\u01b0\u01a1ng kho b\u00e1u \u1ea9n gi\u1ea5u v\u00e0ng b\u1ea1c \u0111\u00e1 qu\u00fd h\u00e0ng t\u1ef7 \u0111\u1ed3ng \u0111ang ch\u1edd \u0111\u00f3n ng\u01b0\u1eddi tham gia.<\/span><\/p>\n<h3><b>Game \u0110\u01b0\u1eddng M\u1ea1t Ch\u01b0\u1ee3c \u0111\u1ec9nh cao<\/b><\/h3>\n<p><b>N\u1ed5 h\u0169 789P<\/b><span style=\"font-weight: 400;\"> &#8211; \u0110\u01b0\u1eddng M\u1ea1t Ch\u01b0\u1ee3c c\u0169ng l\u00e0 si\u00eau ph\u1ea9m m\u00e0 h\u1ed9i vi\u00ean khong n\u00ean b\u1ecf l\u1ee1 khi gi\u1ea3i tr\u00ed t\u1ea1i s\u00e2n ch\u01a1i. Ch\u00fang \u0111\u01b0\u1ee3c t\u1ea1o n\u00ean b\u1edfi s\u1ef1 k\u1ebft h\u1ee3p \u0111\u1ed9c \u0111\u00e1o, mamg l\u1ea1i tr\u1ea3i nghi\u1ec7m v\u1ec1 v\u0103n h\u00f3a \u0110\u00f4ng Nam \u00c1, \u0111\u1eb7c bi\u1ec7t l\u00e0 Trung Qu\u1ed1c.<\/span><\/p>\n<p><span style=\"font-weight: 400;\">L\u1ea5y c\u1ea3m h\u1ee9ng t\u1eeb tr\u00f2 ch\u01a1i M\u1ea1t Ch\u01b0\u1ee3c truy\u1ec1n th\u1ed1ng c\u1ee7a Ch\u00e2u \u00c1, tr\u00f2 ch\u01a1i n\u00e0y s\u1edf h\u1eefu \u0111\u1ed3 h\u1ecda 3D c\u1ef1c k\u1ef3 \u0111\u1ec9nh cao, tinh x\u1ea3o. H\u00e3y t\u1ea1o n\u00ean b\u1ed9 b\u00e0i gi\u00e1 tr\u1ecb cao \u0111\u1ec3 rinh th\u01b0\u1edfng t\u1eeb s\u00e2n ch\u01a1i quay h\u0169 tr\u00fang th\u01b0\u1edfng.<\/span><\/p>\n<h2><b>C\u00e1c th\u01b0\u01a1ng hi\u1ec7u ph\u00e1t h\u00e0nh h\u1ee3p t\u00e1c t\u1ea1o n\u1ed5 h\u0169 789P<\/b><\/h2>\n<p><span style=\"font-weight: 400;\">\u0110\u1ec3 mang \u0111\u1ebfn d\u1ecbch v\u1ee5 \u0111\u1ec9nh cao t\u1ea1i <\/span><b>n\u1ed5 h\u0169 789P,<\/b><span style=\"font-weight: 400;\"> ch\u00fang t\u00f4i kh\u00f4ng ch\u1ec9 ho\u1ea1t \u0111\u1ed9ng \u0111\u01a1n l\u1ebb, m\u00e0 \u0111\u00e3 h\u1ee3p t\u00e1c v\u1edbi r\u1ea5t nhi\u1ec1u \u0111\u01a1n v\u1ecb ph\u00e1t h\u00e0nh game h\u00e0ng \u0111\u1ea7u \u0111\u1ec3 c\u00f9ng chung tay g\u00f3p s\u1ee9c. H\u00e3y c\u00f9ng t\u00ecm hi\u1ec3u v\u1ec1 \u0111\u1ed1i t\u00e1c ngay sau \u0111\u00e2y:<\/span><\/p>\n<figure id=\"attachment_134\" aria-describedby=\"caption-attachment-134\" style=\"width: 800px\" class=\"wp-caption aligncenter\"><img loading=\"lazy\" decoding=\"async\" class=\"size-full wp-image-134\" src=\"https:\/\/inpasila.ru.com\/wp-content\/uploads\/2026\/04\/cac-don-vi-hop-tac-tao-nen-san-choi-slot-game-dang-cap.jpg\" alt=\"C\u00e1c \u0111\u01a1n v\u1ecb h\u1ee3p t\u00e1c t\u1ea1o n\u00ean s\u00e2n ch\u01a1i slot game \u0111\u1eb3ng c\u1ea5p\" width=\"800\" height=\"400\" srcset=\"https:\/\/inpasila.ru.com\/wp-content\/uploads\/2026\/04\/cac-don-vi-hop-tac-tao-nen-san-choi-slot-game-dang-cap.jpg 800w, https:\/\/inpasila.ru.com\/wp-content\/uploads\/2026\/04\/cac-don-vi-hop-tac-tao-nen-san-choi-slot-game-dang-cap-300x150.jpg 300w, https:\/\/inpasila.ru.com\/wp-content\/uploads\/2026\/04\/cac-don-vi-hop-tac-tao-nen-san-choi-slot-game-dang-cap-768x384.jpg 768w\" sizes=\"auto, (max-width: 800px) 100vw, 800px\" \/><figcaption id=\"caption-attachment-134\" class=\"wp-caption-text\">C\u00e1c \u0111\u01a1n v\u1ecb h\u1ee3p t\u00e1c t\u1ea1o n\u00ean s\u00e2n ch\u01a1i slot game \u0111\u1eb3ng c\u1ea5p<\/figcaption><\/figure>\n<ul>\n<li style=\"font-weight: 400;\" aria-level=\"1\"><span style=\"font-weight: 400;\">Microgaming: \u0110\u01a1n v\u1ecb n\u00e0y n\u1ed5i ti\u1ebfng v\u1edbi h\u1ec7 th\u1ed1ng Jackpot l\u0169y ti\u1ebfn c\u1ef1c k\u1ef3 kh\u1ee7ng, t\u1ea1o c\u01a1 h\u1ed9i cho h\u1ed9i vi\u00ean v\u1eeba gi\u1ea3i tr\u00ed v\u1eeba l\u00e0m gi\u00e0u.<\/span><\/li>\n<li style=\"font-weight: 400;\" aria-level=\"1\"><span style=\"font-weight: 400;\">JDB: \u0110\u00e2y l\u00e0 th\u01b0\u01a1ng hi\u1ec7u c\u1ef1c k\u1ef3 n\u1ed5i ti\u1ebfng t\u1eeb Ch\u00e2u \u00c1, \u0111\u1eb7c bi\u1ec7t m\u1ea1nh m\u1ebd trong s\u1ea3nh c\u01b0\u1ee3c game slot. Nh\u00e0 ph\u00e1t h\u00e0nh n\u00e0y ch\u1ee7 y\u1ebfu mang \u0111\u1ebfn game v\u1edbi v\u0103n h\u00f3a \u00c1 \u0110\u00f4ng, t\u1ea1o n\u00ean s\u1ef1 quen thu\u1ed9c, g\u1ea7n g\u0169i v\u1edbi ng\u01b0\u1eddi Vi\u1ec7t Nam.<\/span><\/li>\n<li style=\"font-weight: 400;\" aria-level=\"1\"><span style=\"font-weight: 400;\">Jili: Ch\u00fang t\u00f4i h\u1ee3p t\u00e1c v\u1edbi Jili l\u00e0 \u0111i\u1ec3m \u0111\u1ebfn m\u00e0 h\u1ed9i vi\u00ean \u01b0a chu\u1ed9ng, b\u1edfi \u0111\u00e2y l\u00e0 t\u1ed5 ch\u1ee9c c\u1ef1c k\u1ef3 uy t\u00edn, ch\u1ec9n chu v\u00e0 nghi\u00eam kh\u1eafc trong kh\u00e2u s\u1ea3n xu\u1ea5t game.<\/span><\/li>\n<li style=\"font-weight: 400;\" aria-level=\"1\"><span style=\"font-weight: 400;\">NetEnt: \u0110\u01b0\u1ee3c bi\u1ebft \u0111\u1ebfn v\u1edbi ch\u1ea5t l\u01b0\u1ee3ng \u0111\u1ed3 h\u1ecda c\u1ef1c k\u1ef3 s\u1eafc n\u00e9t v\u00e0 \u0111\u1ec9nh cao t\u1ea1o s\u1ef1 \u0111\u1ed5i m\u1edbi trong ch\u1ee7 \u0111\u1ec1 game slot. M\u1ed7i c\u00e2u chuy\u1ec7n m\u00e0 nh\u00e0 ph\u00e1t h\u00e0nh mang \u0111\u1ebfn \u0111\u1ec1u khi\u1ebfn h\u1ed9i vi\u00ean \u0111\u1eafm ch\u00ecm.<\/span><\/li>\n<\/ul>\n<h2><b>B\u00ed k\u00edp tham gia s\u00e2n ch\u01a1i n\u1ed5 h\u0169 789P<\/b><\/h2>\n<p><span style=\"font-weight: 400;\">Tr\u00f2 ch\u01a1i <\/span><b>slot game \u0111\u1ed5i th\u01b0\u1edfng<\/b><span style=\"font-weight: 400;\"> h\u1eadu h\u0129nh n\u00ean h\u1ed9i vi\u00ean \u0111\u1ec1u mu\u1ed1n t\u1eadn d\u1ee5ng c\u01a1 h\u1ed9i. Do \u0111\u00f3, khi tham gia c\u1ea7n b\u1ecf t\u00fai h\u00e0ng lo\u1ea1t b\u00ed kops h\u1eefu hi\u1ec7u t\u1eeb c\u00e1c chuy\u00ean gia \u0111\u1ea7u ng\u00e0nh nh\u01b0 sau:<\/span><\/p>\n<ul>\n<li style=\"font-weight: 400;\" aria-level=\"1\"><span style=\"font-weight: 400;\">Lu\u00f4n l\u1ef1a ch\u1ecdn c\u00e1c slot game c\u00f3 t\u1ef7 l\u1ec7 RTP c\u1ef1c cao \u0111\u1ec3 n\u00e2ng cao c\u01a1 h\u1ed9i th\u1eafng v\u1ec1 d\u00e0i h\u1ea1n.<\/span><\/li>\n<li style=\"font-weight: 400;\" aria-level=\"1\"><span style=\"font-weight: 400;\">S\u1eed d\u1ee5ng c\u00e1c v\u00f2ng quay mi\u1ec5n ph\u00ed ho\u1eb7c ti\u1ec1n th\u01b0\u1edfng t\u1eeb khuy\u1ebfn m\u1ea1i n\u1ea1p l\u1ea7n \u0111\u1ea7u, ho\u00e0n tr\u1ea3 v\u1ed1n c\u1ee7a nh\u00e0 c\u00e1i. Ng\u01b0\u1eddi tham gia s\u1ebd h\u1ea1n ch\u1ebf b\u1ecf v\u1ed1n m\u00e0 v\u1eabn c\u00f3 c\u01a1 h\u1ed9i rinh th\u01b0\u1edfng l\u1edbn, h\u1eadu h\u0129nh t\u1ea1i chuy\u00ean m\u1ee5c <\/span><b>n\u1ed5 h\u0169 789P.<\/b><\/li>\n<li style=\"font-weight: 400;\" aria-level=\"1\"><span style=\"font-weight: 400;\">L\u1ef1a th\u1eddi \u0111i\u1ec3m v\u00e0ng ph\u00f9 h\u1ee3p \u0111\u1ec3 t\u0103ng c\u01a1 h\u1ed9i rinh jackpot th\u00e0nh c\u00f4ng. C\u1ea7n t\u00ecm th\u1eddi gian c\u00f3 nhi\u1ec1u ng\u01b0\u1eddi \u0111\u1eb7t c\u01b0\u1ee3c, li\u00ean t\u1ee5c l\u1ea5p \u0111\u1ea7y h\u0169. \u0110\u00e2y ch\u00ednh l\u00e0 ph\u01b0\u01a1ng ph\u00e1p \u0111\u1ea1t hi\u1ec7u qu\u1ea3 cao m\u00e0 \u00edt ai bi\u1ebft \u0111\u01b0\u1ee3c.<\/span><\/li>\n<li style=\"font-weight: 400;\" aria-level=\"1\"><span style=\"font-weight: 400;\">Hi\u1ec7n t\u1ea1i c\u00f3 r\u1ea5t nhi\u1ec1u c\u00f4ng c\u1ee5 ra \u0111\u1eddi gi\u00fap d\u1ef1 \u0111o\u00e1n k\u1ebft qu\u1ea3 v\u00f2ng sau \u0111\u1ec3 \u0111\u01b0a ra quy\u1ebft \u0111\u1ecbnh nhanh nh\u1ea5t. Th\u1eadm ch\u00ed hack tr\u1ef1c ti\u1ebfp \u0111\u1ec3 mang l\u1ea1i chi\u1ebfn th\u1eafng ngay l\u1eadp t\u1ee9c cho ng\u01b0\u1eddi ch\u01a1i c\u00e1 c\u01b0\u1ee3c.<\/span><\/li>\n<\/ul>\n<figure id=\"attachment_135\" aria-describedby=\"caption-attachment-135\" style=\"width: 800px\" class=\"wp-caption aligncenter\"><img loading=\"lazy\" decoding=\"async\" class=\"size-full wp-image-135\" src=\"https:\/\/inpasila.ru.com\/wp-content\/uploads\/2026\/04\/bi-kip-choi-game-slot-thang-lon-cuc-de-2026.jpg\" alt=\"B\u00ed k\u00edp ch\u01a1i game slot th\u1eafng l\u1edbn, c\u1ef1c d\u1ec5 2026\" width=\"800\" height=\"400\" srcset=\"https:\/\/inpasila.ru.com\/wp-content\/uploads\/2026\/04\/bi-kip-choi-game-slot-thang-lon-cuc-de-2026.jpg 800w, https:\/\/inpasila.ru.com\/wp-content\/uploads\/2026\/04\/bi-kip-choi-game-slot-thang-lon-cuc-de-2026-300x150.jpg 300w, https:\/\/inpasila.ru.com\/wp-content\/uploads\/2026\/04\/bi-kip-choi-game-slot-thang-lon-cuc-de-2026-768x384.jpg 768w\" sizes=\"auto, (max-width: 800px) 100vw, 800px\" \/><figcaption id=\"caption-attachment-135\" class=\"wp-caption-text\">B\u00ed k\u00edp ch\u01a1i game slot th\u1eafng l\u1edbn, c\u1ef1c d\u1ec5 2026<\/figcaption><\/figure>\n<h2><b>L\u1eddi k\u1ebft<\/b><\/h2>\n<p><b>N\u1ed5 h\u0169 789P<\/b><span style=\"font-weight: 400;\"> l\u00e0 l\u1ef1a ch\u1ecdn l\u00fd t\u01b0\u1edfng d\u00e0nh cho nh\u1eefng cu\u1ed9c ch\u01a1i ng\u1eafn h\u1ea1n, linh ho\u1ea1t nh\u01b0ng t\u1ef7 l\u1ec7 th\u01b0\u1edfng kh\u1ed5ng l\u1ed3. 789P h\u1ee9a h\u1eb9n nghi\u00ean c\u1ee9u v\u00e0 li\u00ean t\u1ee5c n\u00e2ng c\u1ea5p phi\u00ean b\u1ea3n gi\u00fap th\u00e0nh vi\u00ean c\u1ea3m nh\u1eadn s\u1ef1 \u0111\u1eb7c s\u1eafc. Nhanh tay \u0111\u0103ng k\u00fd tham gia t\u1ea1i nh\u00e0 c\u00e1i \u0111\u1ec3 kh\u00f4ng b\u1ecf l\u1ee1 nh\u1eefng th\u00f4ng tin quan tr\u1ecdng v\u1ec1 c\u00e1 c\u01b0\u1ee3c.<\/span><\/p>\n<p>&nbsp;<\/p>\n","protected":false},"excerpt":{"rendered":"<p>N\u1ed5 H\u0169 789P &#8211; Ch\u1ea1m Tay Chi\u1ebfn Th\u1eafng, Nh\u1eadn Jackpot L\u1edbn N\u1ed5 h\u0169 789P li\u00ean t\u1ee5c nh\u1eadn v\u1ec1 s\u1ef1 quan t\u00e2m c\u1ee7a kh\u00e1ch h\u00e0ng, l\u00e0 \u0111i\u1ec3m ch\u1ecdn l\u00fd t\u01b0\u1edfng n\u1ebfu tay ch\u01a1i mu\u1ed1n th\u01b0\u1edfng th\u1ee9c cu\u1ed9c gi\u1ea3i tr\u00ed ng\u1eafn h\u1ea1n k\u00e8m ph\u1ea7n th\u01b0\u1edfng l\u1edbn. \u0110\u1ed9i ng\u0169 ph\u00e1t tri\u1ec3n v\u1edbi tay ngh\u1ec1 cao, mang \u0111\u1ebfn nhi\u1ec1u [&#8230;]\n","protected":false},"author":1,"featured_media":131,"parent":0,"menu_order":0,"comment_status":"closed","ping_status":"closed","template":"","meta":{"footnotes":""},"class_list":["post-130","page","type-page","status-publish","has-post-thumbnail","hentry"],"_links":{"self":[{"href":"https:\/\/inpasila.ru.com\/index.php\/wp-json\/wp\/v2\/pages\/130","targetHints":{"allow":["GET"]}}],"collection":[{"href":"https:\/\/inpasila.ru.com\/index.php\/wp-json\/wp\/v2\/pages"}],"about":[{"href":"https:\/\/inpasila.ru.com\/index.php\/wp-json\/wp\/v2\/types\/page"}],"author":[{"embeddable":true,"href":"https:\/\/inpasila.ru.com\/index.php\/wp-json\/wp\/v2\/users\/1"}],"replies":[{"embeddable":true,"href":"https:\/\/inpasila.ru.com\/index.php\/wp-json\/wp\/v2\/comments?post=130"}],"version-history":[{"count":2,"href":"https:\/\/inpasila.ru.com\/index.php\/wp-json\/wp\/v2\/pages\/130\/revisions"}],"predecessor-version":[{"id":137,"href":"https:\/\/inpasila.ru.com\/index.php\/wp-json\/wp\/v2\/pages\/130\/revisions\/137"}],"wp:featuredmedia":[{"embeddable":true,"href":"https:\/\/inpasila.ru.com\/index.php\/wp-json\/wp\/v2\/media\/131"}],"wp:attachment":[{"href":"https:\/\/inpasila.ru.com\/index.php\/wp-json\/wp\/v2\/media?parent=130"}],"curies":[{"name":"wp","href":"https:\/\/api.w.org\/{rel}","templated":true}]}}