{"id":138,"date":"2026-04-05T04:46:06","date_gmt":"2026-04-05T04:46:06","guid":{"rendered":"https:\/\/hn.sa.com\/?page_id=138"},"modified":"2026-04-05T04:46:06","modified_gmt":"2026-04-05T04:46:06","slug":"ban-ca-789p","status":"publish","type":"page","link":"https:\/\/inpasila.ru.com\/index.php\/ban-ca-789p\/","title":{"rendered":"B\u1eafn C\u00e1 789P &#8211; Chinh Ph\u1ee5c \u0110\u1ea1i D\u01b0\u01a1ng M\u00eanh M\u00f4ng Th\u00fa V\u1ecb\u00a0"},"content":{"rendered":"<h1 style=\"text-align: center;\"><b>B\u1eafn C\u00e1 789P &#8211; Chinh Ph\u1ee5c \u0110\u1ea1i D\u01b0\u01a1ng M\u00eanh M\u00f4ng Th\u00fa V\u1ecb\u00a0<\/b><\/h1>\n<p><b>B\u1eafn c\u00e1 789P<\/b><span style=\"font-weight: 400;\"> m\u1ed9t trong nh\u1eefng s\u00e2n game \u0111ang thu h\u00fat nhi\u1ec1u ng\u01b0\u1eddi \u0111\u0103ng k\u00fd tham gia m\u1ed7i ng\u00e0y. V\u1edbi c\u01a1 ch\u1ebf tr\u1ea3 th\u01b0\u1edfng cao c\u00f9ng h\u1ec7 th\u1ed1ng s\u0103n boss c\u1ef1c kh\u1ee7ng h\u1ee9a h\u1eb9n mang \u0111\u1ebfn cho b\u1ea1n nhi\u1ec1u v\u1eadn may trong qu\u00e1 tr\u00ecnh ch\u01a1i. Qua b\u00e0i vi\u1ebft n\u00e0y ch\u00fang ta h\u00e3y c\u00f9ng t\u00ecm hi\u1ec3u \u0111a d\u1ea1ng c\u00e1c c\u1ea5p \u0111\u1ed9 c\u00f9ng ch\u1ee7 \u0111\u1ec1 h\u1ea5p d\u1eabn hi\u1ec7n nay.<\/span><\/p>\n<h2><b>\u0110\u00f4i n\u00e9t li\u00ean quan \u0111\u1ebfn s\u1ea3nh b\u1eafn c\u00e1 789P h\u1ea5p d\u1eabn<\/b><\/h2>\n<p><b>S\u1ea3nh b\u1eafn c\u00e1 \u0111\u1ed5i th\u01b0\u1edfng<\/b><span style=\"font-weight: 400;\"> xu\u1ea5t hi\u1ec7n t\u1eeb l\u00e2u v\u1edbi h\u00ecnh th\u1ee9c ch\u01a1i tr\u1ef1c ti\u1ebfp. Ban \u0111\u1ea7u th\u1ec3 lo\u1ea1i n\u00e0y th\u01b0\u1eddng xu\u1ea5t hi\u1ec7n tr\u00ean c\u00e1c m\u00e1y ch\u01a1i game \u1edf si\u00eau th\u1ecb, khu th\u01b0\u01a1ng m\u1ea1i. D\u1ea7n d\u1ea7n v\u1edbi s\u1ef1 ph\u00e1t tri\u1ec3n c\u1ee7a c\u00f4ng ngh\u1ec7 4.0 t\u1ef1a game \u0111\u01b0\u1ee3c ph\u00e1t tri\u1ec3n theo h\u00ecnh th\u1ee9c ch\u01a1i tr\u1ef1c tuy\u1ebfn. C\u01b0\u1ee3c th\u1ee7 c\u00f3 th\u1ec3 tham gia b\u1ea5t c\u1ee9 l\u00fac n\u00e0o m\u00ecnh mu\u1ed1n ch\u1ec9 c\u1ea7n thi\u1ebft b\u1ecb c\u00f3 k\u1ebft n\u1ed1i m\u1ea1ng.<\/span><\/p>\n<p><span style=\"font-weight: 400;\">\u0110\u1ebfn v\u1edbi <\/span><b>b\u1eafn c\u00e1 789P<\/b><span style=\"font-weight: 400;\"> b\u1ea1n s\u1ebd tr\u1ea3i nghi\u1ec7m th\u1ebf gi\u1edbi \u0111\u1ea1i d\u01b0\u01a1ng m\u00eanh m\u00f4ng v\u1edbi mu\u00f4n lo\u00e0i sinh v\u1eadt bi\u1ec3n. Nhi\u1ec7m v\u1ee5 c\u1ee7a ng\u01b0\u1eddi ch\u01a1i nh\u1eadp vai v\u00e0o x\u1ea1 th\u1ee7 ti\u00eau di\u1ec7t c\u00e1c lo\u00e0i sinh v\u1eadt \u0111\u1ec3 mang v\u1ec1 ph\u1ea7n th\u01b0\u1edfng cho m\u00ecnh. Khi th\u1eddi gian k\u1ebft th\u00fac b\u1ea1n ti\u00eau di\u1ec7t c\u00e0ng nhi\u1ec1u th\u00ec nh\u1eadn \u0111\u01b0\u1ee3c s\u1ed1 ti\u1ec1n xu c\u00e0ng l\u1edbn \u1edf t\u00e0i kho\u1ea3n.<\/span><\/p>\n<p><span style=\"font-weight: 400;\">S\u1ea3nh game <\/span><b>789P<\/b><span style=\"font-weight: 400;\"> \u0111\u00e1p \u1ee9ng \u0111\u1ea7y \u0111\u1ee7 nh\u1eefng y\u00eau c\u1ea7u c\u1ee7a nhi\u1ec1u t\u1ed5 ch\u1ee9c gi\u1ea3i tr\u00ed uy t\u00edn v\u00e0 ch\u1ea5t l\u01b0\u1ee3ng c\u1ea5p\u00a0 gi\u1ea5y ph\u00e9p ho\u1ea1t \u0111\u1ed9ng v\u00e0 gi\u00e1m s\u00e1t. M\u1ecdi quy tr\u00ecnh t\u1eeb \u0111\u0103ng k\u00fd tham gia cho \u0111\u1ebfn \u0111\u1eb7t c\u01b0\u1ee3c, giao d\u1ecbch \u0111\u1ec1u \u0111\u01b0\u1ee3c ki\u1ec3m duy\u1ec7t, qu\u1ea3n l\u00fd ch\u1eb7t ch\u1ebd. \u0110\u1ea3m b\u1ea3o h\u1ec7 th\u1ed1ng ho\u1ea1t \u0111\u1ed9ng \u1ed5n \u0111\u1ecbnh, minh b\u1ea1ch c\u00f4ng b\u1eb1ng v\u00e0 h\u1ea1n ch\u1ebf gian l\u1eadn c\u00f3 th\u1ec3 x\u1ea3y ra.<\/span><\/p>\n<figure id=\"attachment_140\" aria-describedby=\"caption-attachment-140\" style=\"width: 800px\" class=\"wp-caption aligncenter\"><img loading=\"lazy\" decoding=\"async\" class=\"size-full wp-image-140\" src=\"https:\/\/inpasila.ru.com\/wp-content\/uploads\/2026\/04\/tim-hieu-tong-quan-cac-net-co-ban-ve-ban-ca-789p.jpg\" alt=\"T\u00ecm hi\u1ec3u t\u1ed5ng quan c\u00e1c n\u00e9t c\u01a1 b\u1ea3n v\u1ec1 b\u1eafn c\u00e1 789P\" width=\"800\" height=\"400\" srcset=\"https:\/\/inpasila.ru.com\/wp-content\/uploads\/2026\/04\/tim-hieu-tong-quan-cac-net-co-ban-ve-ban-ca-789p.jpg 800w, https:\/\/inpasila.ru.com\/wp-content\/uploads\/2026\/04\/tim-hieu-tong-quan-cac-net-co-ban-ve-ban-ca-789p-300x150.jpg 300w, https:\/\/inpasila.ru.com\/wp-content\/uploads\/2026\/04\/tim-hieu-tong-quan-cac-net-co-ban-ve-ban-ca-789p-768x384.jpg 768w\" sizes=\"auto, (max-width: 800px) 100vw, 800px\" \/><figcaption id=\"caption-attachment-140\" class=\"wp-caption-text\">T\u00ecm hi\u1ec3u t\u1ed5ng quan c\u00e1c n\u00e9t c\u01a1 b\u1ea3n v\u1ec1 b\u1eafn c\u00e1 789P<\/figcaption><\/figure>\n<h2><b>L\u1ee3i th\u1ebf c\u1ee7a b\u1eafn c\u00e1 789P \u0111\u1ec3 thu h\u00fat nhi\u1ec1u th\u00e0nh vi\u00ean<\/b><\/h2>\n<p><span style=\"font-weight: 400;\">Ngo\u00e0i l\u1ed1i ch\u01a1i \u0111\u01a1n gi\u1ea3n, d\u1ec5 hi\u1ec3u th\u00ec <\/span><b>b\u1eafn c\u00e1 789P <\/b><span style=\"font-weight: 400;\">lu\u00f4n \u0111\u01b0\u1ee3c nhi\u1ec1u ng\u01b0\u1eddi ch\u01a1i l\u1ef1a ch\u1ecdn tham gia. B\u1edfi t\u1ef1a game n\u00e0y hi\u1ec7n \u0111ang s\u1edf h\u1eefu c\u00e1c \u01b0u \u0111i\u1ec3m v\u01b0\u1ee3t tr\u1ed9i nh\u01b0 sau:<\/span><\/p>\n<h3><b>Gia di\u1ec7n b\u1eaft m\u1eaft, m\u1edbi m\u1ebb<\/b><\/h3>\n<p><span style=\"font-weight: 400;\">L\u1ea5y c\u1ea3m h\u1ee9ng t\u1eeb th\u1ebf gi\u1edbi \u0111\u1ea1i d\u01b0\u01a1ng m\u00eanh m\u00f4ng v\u1edbi nhi\u1ec1u lo\u00e0i sinh v\u1eadt bi\u1ec3n \u0111\u1ea9y \u0111\u1ee7 s\u1eafc m\u00e0u. V\u00ec v\u1eady m\u1ed7i lo\u00e0i sinh v\u1eadt v\u00e0 c\u1ea3nh quan \u0111\u1ec1u thi\u1ebft k\u1ebf v\u1edbi h\u00ecnh \u1ea3nh 3D s\u1eafc n\u00e9t, b\u1eaft m\u1eaft. C\u00f9ng v\u1edbi \u0111\u00f3 h\u1ec7 th\u1ed1ng \u00e2m thanh ch\u00e2n th\u1ef1c m\u1ed7i tr\u1ea3i nghi\u1ec7m \u0111\u1ec1u mang \u0111\u1ebfn s\u1ef1 m\u1edbi m\u1ebb cho ng\u01b0\u1eddi ch\u01a1i.\u00a0<\/span><\/p>\n<h3><b>Nhi\u1ec1u l\u1ef1a ch\u1ecdn cho ng\u01b0\u1eddi ch\u01a1i<\/b><\/h3>\n<p><span style=\"font-weight: 400;\">Khi tham gia <\/span><b>b\u1eafn c\u00e1 789P, <\/b><span style=\"font-weight: 400;\">b\u1ea1n s\u1ebd nh\u1eadp vai v\u00e0o c\u00e1c x\u1ea1 th\u1ee7 ti\u00eau di\u1ec7t nhi\u1ec1u lo\u00e0i sinh v\u1eadt nh\u1ecf y\u1ebfu cho \u0111\u1ebfn lo\u00e0i m\u1ea1nh, s\u1ee9c ch\u1ed1ng ch\u1ecbu t\u1ed1t. Game th\u1ee7 c\u0169ng c\u00f3 th\u1ec3 l\u1ef1a ch\u1ecdn c\u00e1c nhi\u1ec7m v\u1ee5, \u0111i s\u0103n boss nh\u1eb1m gia t\u0103ng ph\u1ea7n th\u01b0\u1edfng cho m\u00ecnh. Do \u0111\u00f3 t\u00f9y v\u00e0o kh\u1ea3 n\u0103ng c\u0169ng nh\u01b0 kinh nghi\u1ec7m ch\u01a1i b\u1ea1n l\u1ef1a ch\u1ecdn nh\u1eefng m\u1ee5c ti\u00eau ph\u00f9 h\u1ee3p \u0111\u1ec3 ti\u00eau di\u1ec7t d\u1ec5 d\u00e0ng h\u01a1n.<\/span><\/p>\n<h3><b>C\u1ea5p \u0111\u1ed9 thi\u1ebft l\u1eadp \u0111a d\u1ea1ng<\/b><\/h3>\n<p><span style=\"font-weight: 400;\">V\u1edbi nhi\u1ec1u c\u1ea5p \u0111\u1ed9 t\u1eeb d\u1ec5 cho \u0111\u1ebfn kh\u00f3 b\u1ea1n c\u00f3 th\u1ec3 l\u1ef1a ch\u1ecdn \u0111\u1ec3 chinh ph\u1ee5c v\u00e0 v\u01b0\u1ee3t qua th\u1eed th\u00e1ch. Trong \u0111\u00f3 c\u00f3 c\u00e1c t\u00ednh n\u0103ng h\u1ed7 tr\u1ee3 gi\u00fap cho c\u01b0\u1ee3c th\u1ee7 nhanh ch\u00f3ng n\u1eafm b\u1eaft m\u1ee5c ti\u00eau \u0111\u1ec3 h\u1ea1 g\u1ee5c con m\u1ed3i. \u0110\u00e2y l\u00e0 \u0111i\u1ec3m c\u1ed9ng t\u1ea1o n\u00ean s\u1ef1 h\u1ea5p d\u1eabn, th\u00fa v\u1ecb nh\u01b0ng c\u1ea5p \u0111\u1ed9 c\u00e0ng cao kh\u1ea3 n\u0103ng chinh ph\u1ee5c c\u00e0ng kh\u00f3 nh\u01b0ng mang l\u1ea1i ph\u1ea7n th\u01b0\u1edfng gi\u00e1 tr\u1ecb.<\/span><\/p>\n<h3><b>Ch\u01a1i nhi\u1ec1u ng\u01b0\u1eddi c\u00f9ng l\u00fac<\/b><\/h3>\n<p><b>B\u1eafn c\u00e1 789P<\/b><span style=\"font-weight: 400;\"> cho ph\u00e9p x\u1ea1 th\u1ee7 l\u1eadp nh\u00f3m ch\u01a1i nhi\u1ec1u ng\u01b0\u1eddi c\u00f9ng m\u1ed9t l\u00fac trong qu\u00e1 tr\u00ecnh l\u00e0m nhi\u1ec7m v\u1ee5. \u0110i\u1ec1u n\u00e0y gi\u00fap cho b\u1ea1n d\u1ec5 d\u00e0ng v\u01b0\u1ee3t qua th\u1eed th\u00e1ch h\u1ea1 g\u1ee5c nhi\u1ec1u con m\u1ed3i rinh v\u1ec1 ph\u1ea7n th\u01b0\u1edfng cao. Ngo\u00e0i ra, khi s\u0103n boss, ti\u00eau di\u1ec7t c\u00e1 m\u1eadp to l\u1edbn, s\u1ee9c ch\u1ed1ng ch\u1ecbu cao nhi\u1ec1u ng\u01b0\u1eddi ch\u01a1i gi\u00fap b\u1ea1n d\u1ec5 h\u1ea1 g\u1ee5c v\u00e0 kh\u00f4ng \u0111\u1ec3 ch\u00fang ch\u1ea1y tho\u00e1t.<\/span><\/p>\n<figure id=\"attachment_139\" aria-describedby=\"caption-attachment-139\" style=\"width: 800px\" class=\"wp-caption aligncenter\"><img loading=\"lazy\" decoding=\"async\" class=\"size-full wp-image-139\" src=\"https:\/\/inpasila.ru.com\/wp-content\/uploads\/2026\/04\/tinh-nang-da-nhiem-vo-cung-hien-dai-cho-hoi-vien.jpg\" alt=\"T\u00ednh n\u0103ng \u0111a nhi\u1ec7m v\u00f4 c\u00f9ng hi\u1ec7n \u0111\u1ea1i cho h\u1ed9i vi\u00ean\" width=\"800\" height=\"400\" srcset=\"https:\/\/inpasila.ru.com\/wp-content\/uploads\/2026\/04\/tinh-nang-da-nhiem-vo-cung-hien-dai-cho-hoi-vien.jpg 800w, https:\/\/inpasila.ru.com\/wp-content\/uploads\/2026\/04\/tinh-nang-da-nhiem-vo-cung-hien-dai-cho-hoi-vien-300x150.jpg 300w, https:\/\/inpasila.ru.com\/wp-content\/uploads\/2026\/04\/tinh-nang-da-nhiem-vo-cung-hien-dai-cho-hoi-vien-768x384.jpg 768w\" sizes=\"auto, (max-width: 800px) 100vw, 800px\" \/><figcaption id=\"caption-attachment-139\" class=\"wp-caption-text\">T\u00ednh n\u0103ng \u0111a nhi\u1ec7m v\u00f4 c\u00f9ng hi\u1ec7n \u0111\u1ea1i cho h\u1ed9i vi\u00ean<\/figcaption><\/figure>\n<h2><b>H\u01b0\u1edbng d\u1eabn chi ti\u1ebft lu\u1eadt ch\u01a1i b\u1eafn c\u00e1 789P ph\u1ed5 bi\u1ebfn<\/b><\/h2>\n<p><b>B\u1eafn c\u00e1 789P<\/b><span style=\"font-weight: 400;\"> c\u00f3 lu\u1eadt ch\u01a1i \u0111\u01a1n gi\u1ea3n, d\u1ec5 d\u00e0ng d\u00e0nh cho c\u00e1c x\u1ea1 th\u1ee7 m\u1ed7i khi tham gia tr\u1ea3i nghi\u1ec7m. Th\u1ebf nh\u01b0ng \u0111\u1ec3 kh\u00f4ng vi ph\u1ea1m l\u1ed1i ch\u01a1i c\u0169ng nh\u01b0 d\u00e0nh nhi\u1ec1u ph\u1ea7n th\u01b0\u1edfng c\u00f3 gi\u00e1 tr\u1ecb \u0111\u00f2i h\u1ecfi x\u1ea1 th\u1ee7 ph\u1ea3i tu\u00e2n theo quy \u0111\u1ecbnh g\u1ed3m:<\/span><\/p>\n<h3><b>Quy \u0111\u1ecbnh tham gia<\/b><\/h3>\n<p><span style=\"font-weight: 400;\">M\u1ed7i ng\u01b0\u1eddi ch\u01a1i s\u1ebd nh\u1eadp vai v\u00e0o x\u1ea1 th\u1ee7 ti\u00eau di\u1ec7t c\u00e1c lo\u00e0i sinh v\u1eadt d\u01b0\u1edbi l\u00f2ng \u0111\u1ea1i d\u01b0\u01a1ng nh\u01b0 c\u00e1 m\u1eadp, b\u1ea1ch tu\u1ed9c, boss,\u2026 S\u1ed1 ti\u1ec1n xu s\u1ebd t\u01b0\u01a1ng \u1ee9ng v\u1edbi k\u00edch th\u01b0\u1edbc, kh\u1ea3 n\u0103ng ch\u1ed1ng ch\u1ecbu c\u1ee7a ch\u00fang \u0111\u01b0\u1ee3c quy \u0111\u1ecbnh. C\u00e0ng h\u1ea1 g\u1ee5c \u0111\u01b0\u1ee3c nhi\u1ec1u th\u00ec b\u1ea1n s\u1ebd nh\u1eadn ti\u1ec1n thu c\u00e0ng l\u1edbn v\u1ec1 cho m\u00ecnh.<\/span><\/p>\n<h3><b>Kho c\u00e1c lo\u1ea1i v\u0169 kh\u00ed hi\u1ec7n \u0111\u1ea1i trong b\u1eafn c\u00e1 789P<\/b><\/h3>\n<p><span style=\"font-weight: 400;\">\u0110\u1ebfn v\u1edbi <\/span><b>s\u1ea3nh game b\u1eafn c\u00e1<\/b><span style=\"font-weight: 400;\"> n\u00e0y ng\u01b0\u1eddi ch\u01a1i s\u1ebd \u0111\u01b0\u1ee3c cung c\u1ea5p nhi\u1ec1u lo\u1ea1i v\u0169 kh\u00ed \u0111a d\u1ea1ng kh\u00e1c nhau. M\u1ed7i lo\u1ea1i \u0111\u1ec1u c\u00f3 t\u00ednh n\u0103ng v\u00e0 \u0111\u1ed9 s\u00e1t th\u01b0\u01a1ng cao gi\u00fap b\u1ea1n l\u1ef1a ch\u1ecdn con m\u1ed3i ti\u00eau di\u1ec7t ph\u00f9 h\u1ee3p g\u1ed3m:<\/span><\/p>\n<ul>\n<li style=\"font-weight: 400;\" aria-level=\"1\"><span style=\"font-weight: 400;\">S\u00fang th\u01b0\u1eddng d\u00f9ng ti\u00eau di\u1ec7t nh\u1eefng lo\u00e0i c\u00e1 nh\u1ecf, c\u00f3 c\u1ef1 ly g\u1ea7n, s\u1ee9c ch\u1ed1ng ch\u1ecbu k\u00e9m.<\/span><\/li>\n<li style=\"font-weight: 400;\" aria-level=\"1\"><span style=\"font-weight: 400;\">S\u00fang b\u1eafn t\u1ec9a d\u00f9ng ti\u00eau di\u1ec7t lo\u00e0i sinh v\u1eadt c\u1ef1 ly xa l\u00e0m con m\u1ed3i \u0111\u1ee9ng y\u00ean m\u1ed9t ch\u1ed7.<\/span><\/li>\n<li style=\"font-weight: 400;\" aria-level=\"1\"><span style=\"font-weight: 400;\">\u0110\u1ea1i b\u00e1c d\u00f9ng ti\u00eau di\u1ec7t c\u00e1c lo\u00e0i sinh v\u1eadt to l\u1edbn, con boss c\u00f3 s\u1ee9c ch\u1ed1ng ch\u1ecbu t\u1ed1t.<\/span><\/li>\n<li style=\"font-weight: 400;\" aria-level=\"1\"><span style=\"font-weight: 400;\">L\u01b0\u1edbi \u0111\u00e1nh c\u00e1 d\u00f9ng t\u00f3m g\u1ecdn con m\u1ed3i khi ch\u00fang di chuy\u1ec3n qua. Th\u1ebf nh\u01b0ng khi \u0111\u1eb7t l\u01b0\u1edbi b\u1ea1n c\u1ea7n x\u00e1c \u0111\u1ecbnh r\u00f5 \u0111\u01b0\u1eddng \u0111i c\u1ee7a ch\u00fang \u0111\u1ec3 tr\u00e1nh \u0111\u1eb7t nh\u1ea7m b\u1ea7y.<\/span><\/li>\n<li style=\"font-weight: 400;\" aria-level=\"1\"><span style=\"font-weight: 400;\">Bom n\u1ed5 c\u00f3 h\u1ecfa l\u1ef1c l\u1edbn d\u00f9ng ti\u00eau di\u1ec7t t\u1ea5t c\u1ea3 c\u00e1c lo\u00e0i n\u1eb1m trong v\u00f9ng \u1ea3nh h\u01b0\u1edfng. Tuy nhi\u00ean bom n\u1ed5 c\u00f3 gi\u00e1 tr\u1ecb cao khi s\u1eed d\u1ee5ng b\u1ea1n n\u00ean \u0111\u1eb7t \u1edf c\u00e1c v\u1ecb tr\u00ed nhi\u1ec1u lo\u00e0i sinh v\u1eadt.<\/span><\/li>\n<\/ul>\n<h3><b>T\u1ef7 l\u1ec7 tr\u1ea3 th\u01b0\u1edfng<\/b><\/h3>\n<p><span style=\"font-weight: 400;\">T\u00f9y v\u00e0o m\u1ed7i lo\u00e0i sinh v\u1eadt c\u00f3 t\u1ef7 l\u1ec7 tr\u1ea3 th\u01b0\u1edfng kh\u00e1c nhau khi b\u1ea1n ti\u00eau di\u1ec7t ch\u00fang. D\u01b0\u1edbi \u0111\u00e2y l\u00e0 c\u00e1ch t\u00ednh th\u01b0\u1edfng d\u00e0nh cho ng\u01b0\u1eddi ch\u01a1i trong qu\u00e1 tr\u00ecnh tham gia <\/span><b>b\u1eafn c\u00e1 789P <\/b><span style=\"font-weight: 400;\">g\u1ed3m:<\/span><\/p>\n<ul>\n<li style=\"font-weight: 400;\" aria-level=\"1\"><span style=\"font-weight: 400;\">C\u00e1c lo\u00e0i sinh v\u1eadt nh\u1ecf, s\u1ee9c ch\u1ed1ng ch\u1ecbu k\u00e9m ph\u1ea7n th\u01b0\u1edfng x2, x3.<\/span><\/li>\n<li style=\"font-weight: 400;\" aria-level=\"1\"><span style=\"font-weight: 400;\">C\u00e1c lo\u00e0i sinh v\u1eadt t\u1ea7m trung, v\u1eeba ph\u1ea7n th\u01b0\u1edfng x4, x5.<\/span><\/li>\n<li style=\"font-weight: 400;\" aria-level=\"1\"><span style=\"font-weight: 400;\">C\u00e1c lo\u00e0i sinh v\u1eadt to l\u1edbn kh\u1ea3 n\u0103ng ch\u1ed1ng ch\u1ecbu cao ph\u1ea7n th\u01b0\u1edfng x10, x20.<\/span><\/li>\n<li style=\"font-weight: 400;\" aria-level=\"1\"><span style=\"font-weight: 400;\">Nh\u1eefng con boss ph\u1ea7n th\u01b0\u1edfng x100, x200.<\/span><\/li>\n<\/ul>\n<h3><b>C\u00e1c t\u00ednh n\u0103ng \u0111\u1eb7c bi\u1ec7t\u00a0<\/b><\/h3>\n<p><span style=\"font-weight: 400;\">\u0110\u1ec3 gi\u00fap ng\u01b0\u1eddi ch\u01a1i d\u1ec5 d\u00e0ng trong tr\u1ea3i nghi\u1ec7m <\/span><b>b\u1eafn c\u00e1 789P<\/b><span style=\"font-weight: 400;\"> \u0111\u00e3 cung c\u1ea5p c\u00e1c t\u00ednh n\u0103ng \u0111\u1eb7c bi\u1ec7t nh\u01b0:<\/span><\/p>\n<ul>\n<li style=\"font-weight: 400;\" aria-level=\"1\"><span style=\"font-weight: 400;\">T\u00ednh n\u0103ng Auto ng\u01b0\u1eddi ch\u01a1i c\u00f3 th\u1ec3 ch\u01a1i t\u1ef1 \u0111\u1ed9ng m\u00e0 kh\u00f4ng c\u1ea7n ph\u1ea3i th\u1ef1c hi\u1ec7n tu\u1ea7n t\u1ef1 nh\u1eefng thao t\u00e1c.<\/span><\/li>\n<li style=\"font-weight: 400;\" aria-level=\"1\"><span style=\"font-weight: 400;\">T\u00ednh n\u0103ng Boun d\u00f9ng \u0111\u1ec3 k\u00edch ho\u1ea1t r\u01b0\u01a1ng kho b\u00e1u, v\u00f2ng quay may m\u1eafn khi b\u1ea1n nh\u1eadn \u0111\u01b0\u1ee3c.<\/span><\/li>\n<li style=\"font-weight: 400;\" aria-level=\"1\"><span style=\"font-weight: 400;\">T\u00ednh n\u0103ng combo s\u1eed d\u1ee5ng nhi\u1ec1u lo\u1ea1i v\u0169 kh\u00ed c\u00f9ng l\u00fac \u0111\u1ec3 ti\u00eau di\u1ec7t con m\u1ed3i.<\/span><\/li>\n<li style=\"font-weight: 400;\" aria-level=\"1\"><span style=\"font-weight: 400;\">T\u00ednh n\u0103ng Jackpot nh\u1eadn ph\u1ea7n th\u01b0\u1edfng x1000, x2000 n\u1ebfu g\u1eb7p may m\u1eafn.<\/span><\/li>\n<\/ul>\n<figure id=\"attachment_143\" aria-describedby=\"caption-attachment-143\" style=\"width: 800px\" class=\"wp-caption aligncenter\"><img loading=\"lazy\" decoding=\"async\" class=\"size-full wp-image-143\" src=\"https:\/\/inpasila.ru.com\/wp-content\/uploads\/2026\/04\/ap-dung-cac-tinh-nang-dac-biet-de-toi-uu-trai-nghiem.jpg\" alt=\"\u00c1p d\u1ee5ng c\u00e1c t\u00ednh n\u0103ng \u0111\u1eb7c bi\u1ec7t \u0111\u1ec3 t\u1ed1i \u01b0u tr\u1ea3i nghi\u1ec7m\" width=\"800\" height=\"400\" srcset=\"https:\/\/inpasila.ru.com\/wp-content\/uploads\/2026\/04\/ap-dung-cac-tinh-nang-dac-biet-de-toi-uu-trai-nghiem.jpg 800w, https:\/\/inpasila.ru.com\/wp-content\/uploads\/2026\/04\/ap-dung-cac-tinh-nang-dac-biet-de-toi-uu-trai-nghiem-300x150.jpg 300w, https:\/\/inpasila.ru.com\/wp-content\/uploads\/2026\/04\/ap-dung-cac-tinh-nang-dac-biet-de-toi-uu-trai-nghiem-768x384.jpg 768w\" sizes=\"auto, (max-width: 800px) 100vw, 800px\" \/><figcaption id=\"caption-attachment-143\" class=\"wp-caption-text\">\u00c1p d\u1ee5ng c\u00e1c t\u00ednh n\u0103ng \u0111\u1eb7c bi\u1ec7t \u0111\u1ec3 t\u1ed1i \u01b0u tr\u1ea3i nghi\u1ec7m<\/figcaption><\/figure>\n<h2><b>Top nh\u1eefng t\u1ef1a game b\u1eafn c\u00e1 789P hot hi\u1ec7n nay<\/b><\/h2>\n<p><span style=\"font-weight: 400;\">Nh\u1eb1m gi\u00fap cho ng\u01b0\u1eddi ch\u01a1i d\u1ec5 d\u00e0ng l\u1ef1a ch\u1ecdn c\u0169ng nh\u01b0 kh\u00f4ng b\u1ecb nh\u00e0m ch\u00e1n trong qu\u00e1 tr\u00ecnh tham gia. V\u00ec v\u1eady <\/span><b>s\u1ea3nh s\u0103n m\u1ed3i \u0111\u1ed5i th\u01b0\u1edfng<\/b><span style=\"font-weight: 400;\"> \u0111\u00e3 li\u00ean k\u1ebft v\u1edbi \u0111\u01a1n v\u1ecb ph\u00e1t h\u00e0nh cung c\u1ea5p nhi\u1ec1u t\u1ef1a game b\u1eafn c\u00e1 \u0111a d\u1ea1ng kh\u00e1c nhau g\u1ed3m:<\/span><\/p>\n<h3><b>B\u1eafn c\u00e1 truy\u1ec1n th\u1ed1ng<\/b><\/h3>\n<p><span style=\"font-weight: 400;\">B\u1eafn c\u00e1 truy\u1ec1n th\u1ed1ng l\u00e0 t\u1ef1a game \u0111\u01b0\u1ee3c m\u00f4 ph\u1ecfng t\u1eeb c\u00e1c m\u00e1y ch\u01a1i \u1edf si\u00eau th\u1ecb, khu th\u01b0\u01a1ng m\u1ea1i. Nhi\u1ec7m v\u1ee5 c\u1ee7a ng\u01b0\u1eddi ch\u01a1i s\u1eed d\u1ee5ng nh\u1eefng lo\u1ea1i v\u0169 kh\u00ed m\u00ecnh mua \u0111\u01b0\u1ee3c \u0111\u1ec3 h\u1ea1 g\u1ee5c con m\u1ed3i. T\u1eeb \u0111\u00f3 thu v\u1ec1 c\u00e1c \u0111\u1ed3ng ti\u1ec1n xu c\u00f3 gi\u00e1 tr\u1ecb v\u00e0 nhi\u1ec1u ph\u1ea7n qu\u00e0 h\u1ea5p d\u1eabn kh\u00e1c. Tuy t\u1ef1a game n\u00e0y r\u1ea5t d\u1ec5 tham gia nh\u01b0ng c\u00f3 \u00edt t\u00ednh n\u0103ng v\u00e0 nhi\u1ec7m v\u1ee5 \u0111\u1ec3 b\u1ea1n th\u1ef1c hi\u1ec7n.<\/span><\/p>\n<h3><b>B\u1eafn c\u00e1 789P th\u1ea7n t\u00e0i<\/b><\/h3>\n<p><span style=\"font-weight: 400;\">M\u1ed9t trong nh\u1eefng th\u1ec3 lo\u1ea1i \u0111ang \u0111\u01b0\u1ee3c nhi\u1ec1u ng\u01b0\u1eddi \u01b0a th\u00edch tham gia \u0111\u00f3 l\u00e0 b\u1eafn c\u00e1 th\u1ea7n t\u00e0i. Theo \u0111\u00f3 x\u1ea1 th\u1ee7 c\u1ea7n th\u1ef1c hi\u1ec7n nhi\u1ec1u nhi\u1ec7m v\u1ee5 \u0111\u01b0\u1ee3c giao nh\u1eb1m t\u00ecm ra \u00f4ng th\u1ea7n may m\u1eafn mang v\u1ec1 ph\u1ea7n th\u01b0\u1edfng cao. Tuy nhi\u00ean, \u0111\u1ec3 t\u00ecm ra \u00f4ng th\u1ea7n t\u00e0i v\u00e0 c\u00e1c ph\u1ea7n th\u01b0\u1edfng l\u1edbn \u0111\u00f2i h\u1ecfi x\u1ea1 th\u1ee7 ph\u1ea3i ti\u00eau di\u1ec7t nhi\u1ec1u lo\u00e0i sinh v\u1eadt c\u00f9ng l\u00fac.<\/span><\/p>\n<h3><b>B\u1eafn c\u00e1 \u0103n xu<\/b><\/h3>\n<p><b>B\u1eafn c\u00e1 789P<\/b><span style=\"font-weight: 400;\"> \u0103n xu l\u00e0 m\u1ed9t t\u1ef1a game \u0111\u01b0\u1ee3c quy \u0111\u1ed5i c\u00e1c \u0111\u1ed3ng ti\u1ec1n xu khi b\u1ea1n ti\u00eau di\u1ec7t c\u00e1c lo\u00e0i sinh v\u1eadt. M\u1ed7i lo\u00e0i t\u00f9y thu\u1ed9c v\u00e0o s\u1ee9c ch\u1ed1ng ch\u1ecbu, k\u00edch th\u01b0\u1edbc to l\u1edbn nh\u1eb1m quy ra s\u1ed1 ti\u1ec1n xu b\u1ea1n nh\u1eadn \u0111\u01b0\u1ee3c. C\u00e0ng ti\u00eau di\u1ec7t nhi\u1ec1u lo\u00e0i sinh v\u1eadt s\u1ed1 ti\u1ec1n xu nh\u1eadn \u0111\u01b0\u1ee3c c\u00e0ng l\u1edbn.<\/span><\/p>\n<figure id=\"attachment_141\" aria-describedby=\"caption-attachment-141\" style=\"width: 800px\" class=\"wp-caption aligncenter\"><img loading=\"lazy\" decoding=\"async\" class=\"size-full wp-image-141\" src=\"https:\/\/inpasila.ru.com\/wp-content\/uploads\/2026\/04\/ban-ca-an-xu-dem-den-co-hoi-san-moi-lon.jpg\" alt=\"B\u1eafn c\u00e1 \u0103n xu \u0111em \u0111\u1ebfn c\u01a1 h\u1ed9i s\u0103n m\u1ed3i l\u1edbn\" width=\"800\" height=\"400\" srcset=\"https:\/\/inpasila.ru.com\/wp-content\/uploads\/2026\/04\/ban-ca-an-xu-dem-den-co-hoi-san-moi-lon.jpg 800w, https:\/\/inpasila.ru.com\/wp-content\/uploads\/2026\/04\/ban-ca-an-xu-dem-den-co-hoi-san-moi-lon-300x150.jpg 300w, https:\/\/inpasila.ru.com\/wp-content\/uploads\/2026\/04\/ban-ca-an-xu-dem-den-co-hoi-san-moi-lon-768x384.jpg 768w\" sizes=\"auto, (max-width: 800px) 100vw, 800px\" \/><figcaption id=\"caption-attachment-141\" class=\"wp-caption-text\">B\u1eafn c\u00e1 \u0103n xu \u0111em \u0111\u1ebfn c\u01a1 h\u1ed9i s\u0103n m\u1ed3i l\u1edbn<\/figcaption><\/figure>\n<h2><b>L\u1eddi k\u1ebft<\/b><\/h2>\n<p><span style=\"font-weight: 400;\">S\u1ea3nh ch\u01a1i <\/span><b>b\u1eafn c\u00e1 789P<\/b><span style=\"font-weight: 400;\"> mang \u0111\u1ebfn cho ng\u01b0\u1eddi ch\u01a1i \u0111a d\u1ea1ng c\u00e1c th\u1ec3 lo\u1ea1i v\u00e0 c\u1ea5p \u0111\u1ed9 kh\u00e1c nhau. H\u1ed9i vi\u00ean c\u1ea7n v\u1eadn d\u1ee5ng chi\u1ebfn thu\u1eadt v\u00e0 nh\u1eefng k\u1ef9 n\u0103ng s\u0103n m\u1ed3i \u0111\u1ec3 d\u00e0nh chi\u1ebfn th\u1eafng hi\u1ec7u qu\u1ea3. Th\u1ebf gi\u1edbi \u0111\u1ea1i d\u01b0\u01a1ng m\u00eanh m\u00f4ng c\u00f9ng v\u00f4 v\u00e0n nh\u1eefng kho b\u00e1u \u0111ang ch\u1edd th\u00e0nh vi\u00ean s\u0103n \u0111\u00f3n v\u00e0 kh\u00e1m ph\u00e1.<\/span><\/p>\n","protected":false},"excerpt":{"rendered":"<p>B\u1eafn C\u00e1 789P &#8211; Chinh Ph\u1ee5c \u0110\u1ea1i D\u01b0\u01a1ng M\u00eanh M\u00f4ng Th\u00fa V\u1ecb\u00a0 B\u1eafn c\u00e1 789P m\u1ed9t trong nh\u1eefng s\u00e2n game \u0111ang thu h\u00fat nhi\u1ec1u ng\u01b0\u1eddi \u0111\u0103ng k\u00fd tham gia m\u1ed7i ng\u00e0y. V\u1edbi c\u01a1 ch\u1ebf tr\u1ea3 th\u01b0\u1edfng cao c\u00f9ng h\u1ec7 th\u1ed1ng s\u0103n boss c\u1ef1c kh\u1ee7ng h\u1ee9a h\u1eb9n mang \u0111\u1ebfn cho b\u1ea1n nhi\u1ec1u v\u1eadn may trong qu\u00e1 [&#8230;]\n","protected":false},"author":1,"featured_media":142,"parent":0,"menu_order":0,"comment_status":"closed","ping_status":"closed","template":"","meta":{"footnotes":""},"class_list":["post-138","page","type-page","status-publish","has-post-thumbnail","hentry"],"_links":{"self":[{"href":"https:\/\/inpasila.ru.com\/index.php\/wp-json\/wp\/v2\/pages\/138","targetHints":{"allow":["GET"]}}],"collection":[{"href":"https:\/\/inpasila.ru.com\/index.php\/wp-json\/wp\/v2\/pages"}],"about":[{"href":"https:\/\/inpasila.ru.com\/index.php\/wp-json\/wp\/v2\/types\/page"}],"author":[{"embeddable":true,"href":"https:\/\/inpasila.ru.com\/index.php\/wp-json\/wp\/v2\/users\/1"}],"replies":[{"embeddable":true,"href":"https:\/\/inpasila.ru.com\/index.php\/wp-json\/wp\/v2\/comments?post=138"}],"version-history":[{"count":2,"href":"https:\/\/inpasila.ru.com\/index.php\/wp-json\/wp\/v2\/pages\/138\/revisions"}],"predecessor-version":[{"id":145,"href":"https:\/\/inpasila.ru.com\/index.php\/wp-json\/wp\/v2\/pages\/138\/revisions\/145"}],"wp:featuredmedia":[{"embeddable":true,"href":"https:\/\/inpasila.ru.com\/index.php\/wp-json\/wp\/v2\/media\/142"}],"wp:attachment":[{"href":"https:\/\/inpasila.ru.com\/index.php\/wp-json\/wp\/v2\/media?parent=138"}],"curies":[{"name":"wp","href":"https:\/\/api.w.org\/{rel}","templated":true}]}}