{"id":146,"date":"2026-04-05T04:47:59","date_gmt":"2026-04-05T04:47:59","guid":{"rendered":"https:\/\/hn.sa.com\/?page_id=146"},"modified":"2026-04-05T04:47:59","modified_gmt":"2026-04-05T04:47:59","slug":"xo-so-789p","status":"publish","type":"page","link":"https:\/\/inpasila.ru.com\/index.php\/xo-so-789p\/","title":{"rendered":"X\u1ed5 S\u1ed1 789P &#8211; Chinh Ph\u1ee5c Gi\u1ea3i Th\u01b0\u1edfng H\u00e0ng T\u1ef7 \u0110\u00f4"},"content":{"rendered":"<h1 style=\"text-align: center;\"><b>X\u1ed5 S\u1ed1 789P &#8211; Chinh Ph\u1ee5c Gi\u1ea3i Th\u01b0\u1edfng H\u00e0ng T\u1ef7 \u0110\u00f4<\/b><\/h1>\n<p><b>X\u1ed5 s\u1ed1 789P <\/b><span style=\"font-weight: 400;\">t\u1eeb l\u00e2u \u0111\u00e3 tr\u1edf th\u00e0nh \u0111i\u1ec3m \u0111\u1ebfn h\u00e0ng \u0111\u1ea7u c\u1ee7a h\u1ed9i vi\u00ean y\u00eau th\u00edch c\u00e1 c\u01b0\u1ee3c online, tr\u1ef1c tuy\u1ebfn. Nh\u00e0 c\u00e1i 789P mang \u0111\u1ebfn kho t\u00e0ng game c\u1ef1c \u0111a d\u1ea1ng v\u00e0 phong ph\u00fa, \u0111\u1ea3m b\u1ea3o ch\u1ea5t l\u01b0\u1ee3ng c\u1ef1c k\u1ef3 \u0111\u1ec9nh cao tr\u00ean m\u1ecdi m\u1eb7t. M\u1ed7i ph\u00fat gi\u00e2y hay kho\u1ea3nh kh\u1eafc kh\u00e1m ph\u00e1 c\u00f9ng s\u00e2n ch\u01a1i, h\u1ed9i vi\u00ean \u0111\u1ec1u kh\u00f3 qu\u00ean.<\/span><\/p>\n<h2><b>C\u00e1c s\u1ea3nh c\u01b0\u1ee3c x\u1ed5 s\u1ed1 789P \u0111\u1ec9nh cao v\u00e0 \u0111\u00ecnh \u0111\u00e1m<\/b><\/h2>\n<p><span style=\"font-weight: 400;\">Ch\u1ea5t l\u01b0\u1ee3ng, s\u1ef1 c\u00f4ng b\u1eb1ng l\u00e0 y\u1ebfu t\u1ed1 h\u00e0ng \u0111\u1ea7u trong vi\u1ec7c t\u1ed5 ch\u1ee9c s\u00e2n ch\u01a1i c\u1ea7u b\u00f3ng tr\u1ef1c tuy\u1ebfn. <\/span><b>789P<\/b><span style=\"font-weight: 400;\"> \u0111\u1ea3m b\u1ea3o \u0111i\u1ec1u n\u00e0y b\u1eb1ng c\u00e1ch li\u00ean h\u1ec7 v\u1edbi c\u00e1c nh\u00e0 c\u00f9ng c\u1ea5p game h\u00e0ng \u0111\u1ea7u tr\u00ean to\u00e0n th\u1ebf gi\u1edbi, t\u1eeb \u0111\u00f3 t\u1ea1o ra s\u1ea3nh c\u01b0\u1ee3c v\u00f4 c\u00f9ng ho\u00e0n h\u1ea3o:<\/span><\/p>\n<ul>\n<li style=\"font-weight: 400;\" aria-level=\"1\"><span style=\"font-weight: 400;\">BBIN: S\u00e2n ch\u01a1i BBIN <\/span><b>x\u1ed5 s\u1ed1 789P<\/b><span style=\"font-weight: 400;\"> \u0111\u01b0\u1ee3c c\u00f4ng nh\u1eadn l\u00e0 \u0111i\u1ec3m \u0111\u1ebfn c\u00e1 c\u01b0\u1ee3c h\u00e0ng \u0111\u1ea7u. S\u1ef1 h\u1ee3p t\u00e1c gi\u1eefa nh\u00e0 c\u00e1i v\u00e0 \u0111\u01a1n v\u1ecb n\u00e0y \u0111\u00e3 g\u00e2y ch\u1ea5n \u0111\u1ed9ng th\u1ecb tr\u01b0\u1eddng, mang \u0111\u1ebfn s\u00e2n ch\u01a1i gi\u1ea3i tr\u00ed c\u1ef1c k\u1ef3 \u0111\u1ec9nh cao, m\u01b0\u1ee3t m\u00e0, \u0111a d\u1ea1ng tr\u00f2 ch\u01a1i.<\/span><\/li>\n<li style=\"font-weight: 400;\" aria-level=\"1\"><span style=\"font-weight: 400;\">GW (Game World): \u0110\u00e2y l\u00e0 \u0111\u1ed1i t\u00e1c chi\u1ebfn l\u01b0\u1ee3c c\u1ee7a nh\u00e0 c\u00e1i trong vi\u1ec7c m\u1edf r\u1ed9ng th\u1ecb tr\u01b0\u1eddng, cung c\u1ea5p s\u1ea3n ph\u1ea9m mang t\u00ednh gi\u1ea3i tr\u00ed cao. Ng\u01b0\u1eddi tham gia s\u1ebd c\u00f3 c\u01a1 h\u1ed9i h\u00f2a m\u00ecnh v\u00e0o nh\u1eefng v\u00e1n \u0111\u1ea5u c\u1ef1c k\u1ef3 gay c\u1ea5n, t\u1eeb \u0111\u00f3 d\u1ec5 d\u00e0ng t\u00ecm ki\u1ebfm s\u1ef1 th\u0103ng hoa v\u1ec1 m\u1eb7t c\u1ea3m x\u00fac.<\/span><\/li>\n<li style=\"font-weight: 400;\" aria-level=\"1\"><span style=\"font-weight: 400;\">TP Lottery: N\u1ebfu \u0111\u1ebfn v\u1edbi nh\u00e0 c\u00e1i th\u00ec h\u1ed9i vi\u00ean kh\u00f4ng \u0111\u01b0\u1ee3c b\u1ecf l\u1ee1 s\u1ea3nh 789P &#8211; TP v\u1edbi nh\u1eefng \u0111i\u1ec3m m\u1ea1nh sau:<\/span>\n<ul>\n<li style=\"font-weight: 400;\" aria-level=\"2\"><span style=\"font-weight: 400;\">Kho t\u00e0ng tr\u00f2 ch\u01a1i, t\u1ef1a game v\u00f4 c\u00f9ng phong ph\u00fa, \u0111a d\u1ea1ng.<\/span><\/li>\n<li style=\"font-weight: 400;\" aria-level=\"2\"><span style=\"font-weight: 400;\">T\u1ef7 l\u1ec7 th\u01b0\u1eddng v\u00f4 c\u00f9ng c\u1ea1nh tranh, cao nh\u1ea5t th\u1ecb tr\u01b0\u1eddng.<\/span><\/li>\n<li style=\"font-weight: 400;\" aria-level=\"2\"><span style=\"font-weight: 400;\">Thi\u1ebft k\u1ebf c\u1ef1c k\u1ef3 khoa h\u1ecdc v\u00e0 v\u00f4 c\u00f9ng b\u1eaft m\u1eaft.<\/span><\/li>\n<\/ul>\n<\/li>\n<li style=\"font-weight: 400;\" aria-level=\"1\"><span style=\"font-weight: 400;\">DB: \u0110\u00e2y l\u00e0 \u0111\u1ed1i t\u00e1c chuy\u00ean s\u1ea3n xu\u1ea5t c\u00e1c s\u1ea3n ph\u1ea9m c\u1ef1c k\u1ef3 h\u1ea5p d\u1eabn, m\u1edbi m\u1ebb, khi\u1ebfn ng\u01b0\u1eddi tham gia c\u00f3 nhi\u1ec1u s\u1ef1 l\u1ef1a ch\u1ecdn v\u00e0 \u0111\u01b0\u1ee3c th\u1ecfa m\u00e3n \u0111am m\u00ea c\u00e1 c\u01b0\u1ee3c.<\/span><\/li>\n<\/ul>\n<figure id=\"attachment_151\" aria-describedby=\"caption-attachment-151\" style=\"width: 800px\" class=\"wp-caption aligncenter\"><img loading=\"lazy\" decoding=\"async\" class=\"size-full wp-image-151\" src=\"https:\/\/inpasila.ru.com\/wp-content\/uploads\/2026\/04\/cac-chuyen-muc-cau-bong-dang-cap-va-dinh-cao.jpg\" alt=\"C\u00e1c chuy\u00ean m\u1ee5c c\u1ea7u b\u00f3ng \u0111\u1eb3ng c\u1ea5p v\u00e0 \u0111\u1ec9nh cao\" width=\"800\" height=\"400\" srcset=\"https:\/\/inpasila.ru.com\/wp-content\/uploads\/2026\/04\/cac-chuyen-muc-cau-bong-dang-cap-va-dinh-cao.jpg 800w, https:\/\/inpasila.ru.com\/wp-content\/uploads\/2026\/04\/cac-chuyen-muc-cau-bong-dang-cap-va-dinh-cao-300x150.jpg 300w, https:\/\/inpasila.ru.com\/wp-content\/uploads\/2026\/04\/cac-chuyen-muc-cau-bong-dang-cap-va-dinh-cao-768x384.jpg 768w\" sizes=\"auto, (max-width: 800px) 100vw, 800px\" \/><figcaption id=\"caption-attachment-151\" class=\"wp-caption-text\">C\u00e1c chuy\u00ean m\u1ee5c c\u1ea7u b\u00f3ng \u0111\u1eb3ng c\u1ea5p v\u00e0 \u0111\u1ec9nh cao<\/figcaption><\/figure>\n<h2><b>\u0110i\u1ec3m m\u1ea1nh c\u1ee7a danh m\u1ee5c tr\u00f2 ch\u01a1i x\u1ed5 s\u1ed1 789P<\/b><\/h2>\n<p><span style=\"font-weight: 400;\">Danh m\u1ee5c gi\u1ea3i tr\u00ed <\/span><b>x\u1ed5 s\u1ed1 789P<\/b><span style=\"font-weight: 400;\"> n\u00e0y lu\u00f4n \u0111\u01b0\u1ee3c c\u1ed9ng \u0111\u1ed3ng ng\u01b0\u1eddi tham gia \u0111\u00e1nh gi\u00e1 cao v\u00e0 tr\u1edf th\u00e0nh \u0111i\u1ec3m \u0111\u1ebfn h\u00e0ng \u0111\u1ea7u. Kh\u00f4ng ch\u1ec9 nh\u1edd v\u00e0o s\u1ef1 \u0111a d\u1ea1ng, phong ph\u00fa m\u00e0 c\u00f2n b\u1edfi ch\u1ea5t l\u01b0\u1ee3ng d\u1ecbch v\u1ee5 v\u00f4 c\u00f9ng v\u01b0\u1ee3t tr\u1ed9i, \u0111\u01b0\u1ee3c th\u1ec3 hi\u1ec7n nh\u01b0 sau:<\/span><\/p>\n<h3><b>\u0110\u1ea3m b\u1ea3o t\u00ednh c\u00f4ng b\u1eb1ng khi t\u1ed5 ch\u1ee9c s\u00e2n ch\u01a1i<\/b><\/h3>\n<p><span style=\"font-weight: 400;\">T\u00ednh c\u00f4ng b\u1eb1ng l\u00e0 n\u1ec1n t\u1ea3ng c\u1ee7a m\u1ecdi h\u00ecnh th\u1ee9c gi\u1ea3i tr\u00ed, \u0111\u1eb7c bi\u1ec7t l\u00e0 s\u00e2n ch\u01a1i<\/span><b> x\u1ed5 s\u1ed1 789P.<\/b><span style=\"font-weight: 400;\"> Nh\u00e0 c\u00e1i cam k\u1ebft mang \u0111\u1ebfn s\u00e2n ch\u01a1i c\u00e1 c\u01b0\u1ee3c l\u00e0nh m\u1ea1nh th\u00f4ng qua c\u00e1c c\u01a1 ch\u1ebf ch\u00ednh nh\u01b0 sau:<\/span><\/p>\n<ul>\n<li style=\"font-weight: 400;\" aria-level=\"1\"><span style=\"font-weight: 400;\">V\u1edbi h\u00ecnh th\u1ee9c <\/span><b>c\u1ea7u b\u00f3ng online<\/b><span style=\"font-weight: 400;\">, Mega hay Power,&#8230; Th\u00ec s\u1ebd s\u1eed d\u1ee5ng k\u1ebft qu\u1ea3 quay t\u1eeb c\u00e1c c\u00f4ng ty v\u00e0 \u0111\u00e0i ph\u00e1t thanh,\u00a0 ng\u01b0\u1eddi ch\u01a1i theo d\u00f5i tr\u1ef1c ti\u1ebfp n\u00ean s\u1ebd \u0111\u1ea3m b\u1ea3o t\u00ednh c\u00f4ng b\u1eb1ng v\u00e0 kh\u00f4ng c\u00f3 b\u1ea5t k\u1ef3 s\u1ef1 can thi\u1ec7p n\u00e0o t\u1eeb b\u00ean ngo\u00e0i.<\/span><\/li>\n<li style=\"font-weight: 400;\" aria-level=\"1\"><span style=\"font-weight: 400;\">\u0110\u1ed1i v\u1edbi c\u00e1c b\u1ed9 m\u00f4n t\u1ef1 ph\u00e1t th\u00ec s\u1ebd s\u1eed d\u1ee5ng \u0111\u1ebfn RNG \u0111\u00e3 \u0111\u01b0\u1ee3c ki\u1ec3m \u0111\u1ecbnh r\u00f5 r\u00e0ng. Nh\u1edd c\u00f3 c\u00f4ng ngh\u1ec7 n\u00e0y k\u1ebft qu\u1ea3 m\u1ed7i tr\u1eadn \u0111\u1ea5u s\u1ebd di\u1ec5n ra ng\u1eabu nhi\u00ean, kh\u00f4ng c\u00f3 b\u1ea5t k\u1ef3 quy lu\u1eadt n\u00e0o. \u0110\u1eb7c bi\u1ec7t l\u00e0 kh\u00f4ng th\u1ec3 b\u1ecb thao t\u00fang n\u00ean s\u1ebd mang l\u1ea1i s\u1ef1 y\u00ean t\u00e2m cho ng\u01b0\u1eddi tham gia.<\/span><\/li>\n<\/ul>\n<figure id=\"attachment_149\" aria-describedby=\"caption-attachment-149\" style=\"width: 800px\" class=\"wp-caption aligncenter\"><img loading=\"lazy\" decoding=\"async\" class=\"size-full wp-image-149\" src=\"https:\/\/inpasila.ru.com\/wp-content\/uploads\/2026\/04\/dam-bao-su-cong-bang-minh-bach-khi-to-chuc-ca-cuoc.jpg\" alt=\"\u0110\u1ea3m b\u1ea3o s\u1ef1 c\u00f4ng b\u1eb1ng, minh b\u1ea1ch khi t\u1ed5 ch\u1ee9c c\u00e1 c\u01b0\u1ee3c\" width=\"800\" height=\"400\" srcset=\"https:\/\/inpasila.ru.com\/wp-content\/uploads\/2026\/04\/dam-bao-su-cong-bang-minh-bach-khi-to-chuc-ca-cuoc.jpg 800w, https:\/\/inpasila.ru.com\/wp-content\/uploads\/2026\/04\/dam-bao-su-cong-bang-minh-bach-khi-to-chuc-ca-cuoc-300x150.jpg 300w, https:\/\/inpasila.ru.com\/wp-content\/uploads\/2026\/04\/dam-bao-su-cong-bang-minh-bach-khi-to-chuc-ca-cuoc-768x384.jpg 768w\" sizes=\"auto, (max-width: 800px) 100vw, 800px\" \/><figcaption id=\"caption-attachment-149\" class=\"wp-caption-text\">\u0110\u1ea3m b\u1ea3o s\u1ef1 c\u00f4ng b\u1eb1ng, minh b\u1ea1ch khi t\u1ed5 ch\u1ee9c c\u00e1 c\u01b0\u1ee3c<\/figcaption><\/figure>\n<h3><b>T\u1ef7 l\u1ec7 tr\u1ea3 th\u01b0\u1edfng x\u1ed5 s\u1ed1 789P c\u1ef1c cao, c\u1ea1nh tranh<\/b><\/h3>\n<p><span style=\"font-weight: 400;\">S\u1ee9c h\u00fat c\u1ee7a danh m\u1ee5c c\u00f2n n\u1eb1m \u1edf t\u1ef7 l\u1ec7 th\u01b0\u1edfng v\u00f4 c\u00f9ng c\u1ea1nh tranh. \u0110i\u1ec3m khi\u1ebfn ch\u00fang t\u00f4i \u01b0a chu\u1ed9ng h\u01a1n so v\u1edbi c\u00e1c \u0111\u1ed1i th\u1ee7 tr\u00ean th\u1ecb tr\u01b0\u1eddng, c\u1ee5 th\u1ec3 nh\u01b0 sau:<\/span><\/p>\n<ul>\n<li style=\"font-weight: 400;\" aria-level=\"1\"><span style=\"font-weight: 400;\">Nh\u00e0 c\u00e1i lu\u00f4n duy tr\u00ec t\u1ef7 l\u1ec7 \u0103n c\u1ee7a l\u00f4 \u0111\u1ec1, c\u01b0\u1ee3c xi\u00ean, 3 c\u00e0ng, 4 c\u00e0ng, ch\u01a1i bao,&#8230; \u1ede m\u1ee9c cao h\u01a1n so v\u1edbi th\u1ecb tr\u01b0\u1eddng v\u00e0 \u0111\u1ed1i th\u1ee7 c\u1ea1nh tranh. \u0110i\u1ec1u n\u00e0y gi\u00fap ng\u01b0\u1eddi ch\u01a1i c\u00f3 c\u01a1 h\u1ed9i thu v\u1ec1 l\u1ee3i nhu\u1eadn l\u1edbn h\u01a1n nhi\u1ec1u l\u1ea7n so v\u1edbi m\u1ee9c v\u1ed1n \u0111\u1ea7u t\u01b0 ban \u0111\u1ea7u.<\/span><\/li>\n<li style=\"font-weight: 400;\" aria-level=\"1\"><span style=\"font-weight: 400;\">Cung c\u1ea5p nhi\u1ec1u m\u1ee9c c\u01b0\u1ee3c linh ho\u1ea1t, t\u1eeb nh\u1ecf \u0111\u1ebfn l\u1edbn n\u00ean cho ph\u00e9p h\u1ed9i vi\u00ean \u0111\u1eb7t theo nhu c\u1ea7u, t\u1ed1i \u01b0u h\u00f3a chi\u1ebfn l\u01b0\u1ee3c qu\u1ea3n l\u00fd d\u00f2ng ti\u1ec1n.<\/span><\/li>\n<li style=\"font-weight: 400;\" aria-level=\"1\"><span style=\"font-weight: 400;\">H\u1ec7 th\u1ed1ng t\u1ef1 \u0111\u1ed9ng x\u1eed l\u00fd c\u00e1c kho\u1ea3n tr\u00fang th\u01b0\u1edfng ngay l\u1eadp t\u1ee9c sau khi c\u00f3 k\u1ebft qu\u1ea3. Ng\u01b0\u1eddi ch\u01a1i kh\u00f4ng ph\u1ea3i ch\u1edd \u0111\u1ee3i l\u00e2u, h\u00e0i l\u00f2ng tuy\u1ec7t \u0111\u1ed1i v\u1edbi danh m\u1ee5c <\/span><b>x\u1ed5 s\u1ed1 789P.<\/b><\/li>\n<\/ul>\n<h3><b>Giao di\u1ec7n x\u1ed5 s\u1ed1 789P c\u1ef1c k\u1ef3 m\u1edbi m\u1ebb v\u00e0 th\u1ea9m m\u1ef9<\/b><\/h3>\n<p><span style=\"font-weight: 400;\">Tr\u1ea3i nghi\u1ec7m ng\u01b0\u1eddi ch\u01a1i, \u0111\u1eb7c bi\u1ec7t y\u1ebfu t\u1ed1 th\u1ecb gi\u00e1c \u0111\u01b0\u1ee3c nh\u00e0 c\u00e1i ch\u00fa tr\u1ecdng h\u00e0ng \u0111\u1ea7u. Nh\u1edd v\u1eady qu\u00e1 tr\u00ecnh \u0111\u1eb7t c\u01b0\u1ee3c tr\u1edf n\u00ean th\u00fa v\u1ecb v\u00e0 d\u1ec5 d\u00e0ng h\u01a1n:<\/span><\/p>\n<ul>\n<li style=\"font-weight: 400;\" aria-level=\"1\"><span style=\"font-weight: 400;\">Giao di\u1ec7n \u0111\u1eb7t c\u01b0\u1ee3c \u0111\u01b0\u1ee3c thi\u1ebft k\u1ebf hi\u1ec7n \u0111\u1ea1i, m\u00e0u s\u1eafc h\u00e0i h\u00f2a nh\u01b0ng v\u1eabn \u0111\u1ea3m b\u1ea3o t\u00ednh khoa h\u1ecdc. C\u00e1c \u00f4 n\u00fat, t\u00ednh n\u0103ng, xem k\u1ebft qu\u1ea3, th\u1ed1ng k\u00ea \u0111\u01b0\u1ee3c b\u1ed1 tr\u00ed khoa h\u1ecdc, d\u1ec5 d\u00e0ng thao t\u00e1c ngay c\u1ea3 v\u1edbi ng\u01b0\u1eddi ch\u01a1i m\u1edbi.<\/span><\/li>\n<li style=\"font-weight: 400;\" aria-level=\"1\"><span style=\"font-weight: 400;\">H\u1ec7 th\u1ed1ng t\u01b0\u01a1ng th\u00edch ho\u00e0n h\u1ea3o ngay tr\u00ean c\u1ea3 website hay \u1ee9ng d\u1ee5ng di \u0111\u1ed9ng.<\/span><\/li>\n<li style=\"font-weight: 400;\" aria-level=\"1\"><span style=\"font-weight: 400;\">T\u00edch h\u1ee3p t\u00e1c c\u00f4ng c\u1ee5 th\u1ed1ng k\u00ea k\u1ebft qu\u1ea3, t\u1ea7n s\u1ed1 xu\u1ea5t hi\u1ec7n li\u00ean t\u1ee5c, l\u00e2u kh\u00f4ng n\u1ed5. T\u1eeb \u0111\u00f3 ng\u01b0\u1eddi ch\u01a1i d\u1ec5 d\u00e0ng nghi\u00ean c\u1ee9u, ph\u00e2n t\u00edch d\u1eef li\u1ec7u tr\u01b0\u1edbc khi \u0111\u01b0a ra quy\u1ebft \u0111\u1ecbnh cu\u1ed1i c\u00f9ng t\u1ea1i chuy\u00ean m\u1ee5c <\/span><b>x\u1ed5 s\u1ed1 tr\u1ef1c tuy\u1ebfn.<\/b><\/li>\n<\/ul>\n<h2><b>C\u00e1c tr\u00f2 ch\u01a1i \u0111\u1ec9nh cao t\u1ea1i x\u1ed5 s\u1ed1 789P<\/b><\/h2>\n<p><span style=\"font-weight: 400;\">T\u1ea1i s\u00e2n ch\u01a1i, ch\u00fang t\u00f4i kh\u00f4ng ch\u1ec9 mang \u0111\u1ebfn phi\u00ean b\u1ea3n gi\u1ea3i tr\u00ed truy\u1ec1n th\u1ed1ng m\u00e0 c\u00f2n mang \u0111\u1ebfn nhi\u1ec1u si\u00eau ph\u1ea9m \u0111\u1ec9nh cao kh\u00e1c. \u0110i\u1ec1u n\u00e0y t\u1ea1o n\u00ean s\u1ef1 \u0111a d\u1ea1ng, h\u1ea5p d\u1eabn cho h\u1ed9i vi\u00ean khi tham gia<\/span><b> soi k\u00e8o x\u1ed5 s\u1ed1 online<\/b><span style=\"font-weight: 400;\">. H\u00e3y c\u00f9ng \u0111i\u1ec3m qua m\u1ed9t v\u00e0i c\u00e1i t\u00ean kh\u00f4ng th\u1ec3 b\u1ecf l\u1ee1 t\u1ea1i s\u00e2n ch\u01a1i:<\/span><\/p>\n<h3><b>X\u1ed5 s\u1ed1 789P truy\u1ec1n th\u1ed1ng &#8211; XSKT<\/b><\/h3>\n<p><span style=\"font-weight: 400;\">\u0110\u00e2y l\u00e0 th\u1ec3 th\u1ee9c ch\u01a1i c\u1ea7u b\u00f3ng kinh \u0111i\u1ec3n m\u00e0 h\u1ed9i vi\u00ean kh\u00f4ng n\u00ean b\u1ecf l\u1ee1 khi \u0111\u1ebfn v\u1edbi nh\u00e0 c\u00e1i. Ch\u00fang \u0111\u01b0\u1ee3c ch\u1ecbu s\u1ef1 gi\u00e1m s\u00e1t b\u1edfi c\u01a1 quan ch\u00ednh ph\u1ee7, \u0111i\u1ec1u n\u00e0y t\u1ea1o n\u00ean s\u1ef1 y\u00ean t\u00e2m cho ng\u01b0\u1eddi ch\u01a1i tham gia c\u00e1 c\u01b0\u1ee3c v\u00e0 t\u00ecm ki\u1ebfm c\u01a1 h\u1ed9i \u0111\u1ed5i \u0111\u1eddi.<\/span><\/p>\n<p><span style=\"font-weight: 400;\">Nhi\u1ec7m v\u1ee5 ch\u00ednh khi tham gia <\/span><b>x\u1ed5 s\u1ed1 789P<\/b><span style=\"font-weight: 400;\"> truy\u1ec1n th\u1ed1ng l\u00e0 mua nh\u1eefng t\u1edd v\u00e9 in s\u1eb5n k\u00fd t\u1ef1. Sau \u0111\u00f3 ch\u1edd \u0111\u1ee3i \u0111\u1ebfn khung gi\u1edd c\u1ed1 \u0111\u1ecbnh, m\u1edf c\u00e1c \u0111\u00e0i \u0111\u1ec3 theo d\u00f5i k\u1ebft qu\u1ea3 v\u00e0 xem m\u00ecnh c\u00f3 d\u00e0nh th\u1eafng l\u1ee3i hay kh\u00f4ng. N\u1ebfu may m\u1eafn tr\u00fang gi\u1ea3i \u0111\u1ed9c \u0111\u1eafc, ng\u01b0\u1eddi ch\u01a1i s\u1ebd \u0111\u01b0\u1ee3c rinh ngay v\u1ec1 ph\u1ea7n th\u01b0\u1edfng h\u00e0ng t\u1ef7 \u0111\u1ed3ng.<\/span><\/p>\n<figure id=\"attachment_148\" aria-describedby=\"caption-attachment-148\" style=\"width: 800px\" class=\"wp-caption aligncenter\"><img loading=\"lazy\" decoding=\"async\" class=\"size-full wp-image-148\" src=\"https:\/\/inpasila.ru.com\/wp-content\/uploads\/2026\/04\/xo-so-789p-truyen-thong-co-dien-lau-doi.jpg\" alt=\"X\u1ed5 s\u1ed1 789P truy\u1ec1n th\u1ed1ng c\u1ed5 \u0111i\u1ec3n l\u00e2u \u0111\u1eddi\" width=\"800\" height=\"400\" srcset=\"https:\/\/inpasila.ru.com\/wp-content\/uploads\/2026\/04\/xo-so-789p-truyen-thong-co-dien-lau-doi.jpg 800w, https:\/\/inpasila.ru.com\/wp-content\/uploads\/2026\/04\/xo-so-789p-truyen-thong-co-dien-lau-doi-300x150.jpg 300w, https:\/\/inpasila.ru.com\/wp-content\/uploads\/2026\/04\/xo-so-789p-truyen-thong-co-dien-lau-doi-768x384.jpg 768w\" sizes=\"auto, (max-width: 800px) 100vw, 800px\" \/><figcaption id=\"caption-attachment-148\" class=\"wp-caption-text\">X\u1ed5 s\u1ed1 789P truy\u1ec1n th\u1ed1ng c\u1ed5 \u0111i\u1ec3n l\u00e2u \u0111\u1eddi<\/figcaption><\/figure>\n<h3><b>L\u00f4 \u0111\u1ec1 tr\u1ef1c tuy\u1ebfn, online<\/b><\/h3>\n<p><span style=\"font-weight: 400;\">X\u1ed5 s\u1ed1 truy\u1ec1n th\u1ed1ng mu\u1ed1n chi\u1ebfn th\u1eafng c\u1ef1c k\u1ef3 kh\u00f3 kh\u0103n b\u1edfi d\u00e3y k\u00fd t\u1ef1 c\u1ef1c k\u1ef3 d\u00e0i. V\u00ec v\u1eady, nh\u00e0 c\u00e1i \u0111\u00e3 mang \u0111\u1ebfn b\u1ea3n bi\u1ebfn th\u1ec3 h\u1ea5p d\u1eabn h\u01a1n \u0111\u00f3 ch\u00ednh l\u00e0 l\u00f4 \u0111\u1ec1. \u0110\u00e2y l\u00e0 l\u1ef1a ch\u1ecdn ph\u1ed5 bi\u1ebfn nh\u1ea5t \u0111\u1ed1i v\u1edbi tay ch\u01a1i:<\/span><\/p>\n<ul>\n<li style=\"font-weight: 400;\" aria-level=\"1\"><span style=\"font-weight: 400;\">\u0110\u1ec1: D\u1ef1 \u0111o\u00e1n 2 k\u00fd t\u1ef1 cu\u1ed1i c\u00f9ng c\u1ee7a gi\u1ea3i \u0111\u1eb7c bi\u1ec7t c\u1ea7u b\u00f3ng.<\/span><\/li>\n<li style=\"font-weight: 400;\" aria-level=\"1\"><span style=\"font-weight: 400;\">L\u00f4: 2 s\u1ed1 cu\u1ed1i c\u1ee7a t\u1ea5t c\u1ea3 gi\u1ea3i \u0111\u01b0\u1ee3c quay trong ng\u00e0y.<\/span><\/li>\n<li style=\"font-weight: 400;\" aria-level=\"1\"><span style=\"font-weight: 400;\">L\u00f4 xi\u00ean: Ng\u01b0\u1eddi ch\u01a1i \u0111\u1eb7t c\u01b0\u1ee3c cho nhi\u1ec1u con c\u00f9ng l\u00fac. N\u1ebfu t\u1ea5t c\u1ea3 \u0111\u1ec1u kh\u1edbp v\u1edbi 2 k\u00fd t\u1ef1 cu\u1ed1i c\u1ee7a k\u1ebft qu\u1ea3 c\u1ea7u b\u00f3ng th\u00ec \u0111\u01b0\u1ee3c rinh th\u01b0\u1edfng. Ch\u1ec9 c\u1ea7n h\u1ed9i vi\u00ean c\u00f3 1 b\u1ea1ch th\u1ee7 tr\u1edf l\u00ean sau th\u00ec s\u1ebd b\u1ecb m\u1ea5t to\u00e0n b\u1ed9 v\u1ed1n c\u01b0\u1ee3c.<\/span><\/li>\n<\/ul>\n<p><span style=\"font-weight: 400;\">Phi\u00ean b\u1ea3n <\/span><b>x\u1ed5 s\u1ed1 789P<\/b><span style=\"font-weight: 400;\"> n\u00e0y \u0111\u00e3 v\u00e0 \u0111ang \u0111\u01b0\u1ee3c nhi\u1ec1u s\u1ef1 y\u00eau th\u00edch b\u1edfi s\u1ef1 \u0111\u01a1n gi\u1ea3n c\u1ef1c cao, x\u00e1c su\u1ea5t th\u1eafng l\u1edbn h\u01a1n XSKT. Tuy nhi\u00ean kh\u00f4ng v\u00ec v\u1eady m\u00e0 b\u1ea1n ch\u1ee7 quan, \u0111i\u1ec1u b\u1ea1n c\u1ea7n l\u00e0m l\u00e0 nghi\u00ean c\u1ee9u k\u1ef9 c\u00e0ng tr\u01b0\u1edbc khi \u0111\u01b0a ra quy\u1ebft \u0111\u1ecbnh \u0111\u1eb7t c\u01b0\u1ee3c.<\/span><\/p>\n<h3><b>X\u1ed5 s\u1ed1 789P si\u00eau t\u1ed1c<\/b><\/h3>\n<p><b>X\u1ed5 s\u1ed1 789P<\/b><span style=\"font-weight: 400;\"> si\u00eau t\u1ed1c l\u00e0 bi\u1ebfn th\u1ec3 c\u1ee7a XSKT m\u00e0 h\u1ed9i vi\u00ean kh\u00f4ng n\u00ean b\u1ecf l\u1ee1. M\u1ed9t v\u00e0i \u0111\u1eb7c \u0111i\u1ec3m n\u1ed5i b\u1eadt c\u1ee7a nh\u00e0 c\u00e1i \u0111\u01b0\u1ee3c th\u1ec3 hi\u1ec7n nh\u01b0 sau:<\/span><\/p>\n<ul>\n<li style=\"font-weight: 400;\" aria-level=\"1\"><span style=\"font-weight: 400;\">K\u1ebft qu\u1ea3 \u0111\u01b0\u1ee3c c\u00f4ng b\u1ed1 c\u1ef1c nhanh, th\u01b0\u1edfng ch\u1ec9 sau v\u00e0i gi\u00e2y. Ng\u01b0\u1eddi tham gia tr\u00e1nh ph\u1ea3i ch\u1edd \u0111\u1ee3i k\u1ebft qu\u1ea3 l\u00e2u nh\u01b0 XSKT, n\u00ean s\u1ebd kh\u00f4ng b\u1ecb kh\u00f3 ch\u1ecbu.<\/span><\/li>\n<li style=\"font-weight: 400;\" aria-level=\"1\"><span style=\"font-weight: 400;\">Nh\u1ecbp \u0111\u1ed9 quay nhanh gi\u00fap h\u1ed9i vi\u00ean \u0111\u1eb7t c\u01b0\u1ee3c li\u00ean t\u1ee5c, ph\u00f9 h\u1ee3p v\u1edbi nh\u1eefng ai \u01b0a th\u00edch s\u1ef1 k\u1ecbch t\u00ednh v\u00e0 mu\u1ed1n ki\u1ec3m ch\u1ee9ng d\u1ef1 \u0111o\u00e1n c\u1ee7a m\u00ecnh trong th\u1eddi gian ng\u1eafn nh\u1ea5t.<\/span><\/li>\n<\/ul>\n<h2><b>C\u00e1c thao t\u00e1c khi kh\u00e1m ph\u00e1 s\u00e2n ch\u01a1i 789P<\/b><\/h2>\n<p><span style=\"font-weight: 400;\">H\u1ed9i vi\u00ean ch\u1eafc h\u1eb3n r\u1ea5t mu\u1ed1n chinh ph\u1ee5c gi\u1ea3i th\u01b0\u1edfng h\u1eadu h\u0129nh, h\u00e0ng t\u1ef7 \u0111\u00f4 la. V\u1eady h\u00e3y \u0111i ng\u00e0y v\u00e0o danh m\u1ee5c d\u01b0\u1edbi \u0111\u00e2y \u0111\u1ec3 kh\u00e1m ph\u00e1 t\u1eeb A &#8211; Z ngay b\u00ean d\u01b0\u1edbi \u0111\u00e2y:<\/span><\/p>\n<ul>\n<li style=\"font-weight: 400;\" aria-level=\"1\"><span style=\"font-weight: 400;\">B\u01b0\u1edbc 1: Nh\u1ea5p ngay v\u00e0o \u0111\u01b0\u1eddng d\u1eabn \u0111\u1ec3 truy c\u1eadp trang ch\u1ee7 c\u1ee7a nh\u00e0 c\u00e1i. H\u00e3y ti\u1ebfn h\u00e0nh \u0111\u0103ng k\u00fd, tr\u1edf th\u00e0nh h\u1ed9i vi\u00ean c\u1ee7a ch\u00ednh th\u1ee9c c\u1ee7a ch\u00fang t\u00f4i.<\/span><\/li>\n<li style=\"font-weight: 400;\" aria-level=\"1\"><span style=\"font-weight: 400;\">B\u01b0\u1edbc 2: Ti\u1ebfn h\u00e0nh ch\u1ecdn ngay v\u00e0o m\u1ee5c n\u1ea1p ti\u1ec1n v\u00e0 thanh to\u00e1n theo th\u1ec3 th\u1ee9c mong mu\u1ed1n. Ng\u01b0\u1eddi ch\u01a1i n\u1ea1p v\u1ed1n v\u00e0o t\u00e0i kho\u1ea3n gi\u1ea3i tr\u00ed m\u1edbi c\u00f3 th\u1ec3 b\u1eaft \u0111\u1ea7u h\u00e0nh tr\u00ecnh c\u00e1 c\u01b0\u1ee3c v\u00e0 kh\u00e1m ph\u00e1 tr\u00f2 ch\u01a1i.<\/span><\/li>\n<li style=\"font-weight: 400;\" aria-level=\"1\"><span style=\"font-weight: 400;\">B\u01b0\u1edbc 3: T\u00ecm ki\u1ebfm chuy\u00ean m\u1ee5c <\/span><b>x\u1ed5 s\u1ed1 789P<\/b><span style=\"font-weight: 400;\"> \u0111\u1eb7t tr\u00ean giao di\u1ec7n ch\u00ednh th\u1ee9c. Khi \u0111\u00f3 h\u00e0ng lo\u1ea1t c\u00e1c s\u1ea3nh game li\u00ean k\u1ebft v\u1edbi ch\u00fang t\u00f4i s\u1ebd hi\u1ec7n ra. L\u00fac n\u00e0y b\u1ea1n s\u1ebd l\u1ef1a ch\u1ecdn s\u00e2n ch\u01a1i ph\u00f9 h\u1ee3p nh\u1ea5t v\u1edbi nhu c\u1ea7u gi\u1ea3i tr\u00ed c\u1ee7a b\u1ea3n th\u00e2n.<\/span><\/li>\n<\/ul>\n<figure id=\"attachment_150\" aria-describedby=\"caption-attachment-150\" style=\"width: 800px\" class=\"wp-caption aligncenter\"><img loading=\"lazy\" decoding=\"async\" class=\"size-full wp-image-150\" src=\"https:\/\/inpasila.ru.com\/wp-content\/uploads\/2026\/04\/cac-thao-tac-khi-tham-gia-sanh-cuoc-cau-bong-dinh-cao.jpg\" alt=\"C\u00e1c thao t\u00e1c khi tham gia s\u1ea3nh c\u01b0\u1ee3c c\u1ea7u b\u00f3ng \u0111\u1ec9nh cao\" width=\"800\" height=\"400\" srcset=\"https:\/\/inpasila.ru.com\/wp-content\/uploads\/2026\/04\/cac-thao-tac-khi-tham-gia-sanh-cuoc-cau-bong-dinh-cao.jpg 800w, https:\/\/inpasila.ru.com\/wp-content\/uploads\/2026\/04\/cac-thao-tac-khi-tham-gia-sanh-cuoc-cau-bong-dinh-cao-300x150.jpg 300w, https:\/\/inpasila.ru.com\/wp-content\/uploads\/2026\/04\/cac-thao-tac-khi-tham-gia-sanh-cuoc-cau-bong-dinh-cao-768x384.jpg 768w\" sizes=\"auto, (max-width: 800px) 100vw, 800px\" \/><figcaption id=\"caption-attachment-150\" class=\"wp-caption-text\">C\u00e1c thao t\u00e1c khi tham gia s\u1ea3nh c\u01b0\u1ee3c c\u1ea7u b\u00f3ng \u0111\u1ec9nh cao<\/figcaption><\/figure>\n<h2><b>L\u1eddi k\u1ebft<\/b><\/h2>\n<p><b>X\u1ed5 s\u1ed1 789P <\/b><span style=\"font-weight: 400;\">l\u00e0 chuy\u00ean m\u1ee5c v\u00f4 c\u00f9ng h\u1ea5p d\u1eabn \u0111\u01b0\u1ee3c ch\u00fang t\u00f4i gi\u1edbi thi\u1ec7u th\u00f4ng qua n\u1ed9i dung b\u00e0i vi\u1ebft tr\u00ean. Ng\u01b0\u1eddi tham gia s\u1ebd c\u00f3 c\u01a1 h\u1ed9i th\u0103ng hoa c\u1ea3m x\u00fac khi \u0111\u1ebfn v\u1edbi danh m\u1ee5c, b\u00ean c\u1ea1nh \u0111\u00f3 l\u00e0 t\u00ecm ki\u1ebfm c\u01a1 h\u1ed9i \u0111\u1ed5i \u0111\u1eddi t\u1ea1i nh\u00e0 c\u00e1i 789P.\u00a0<\/span><\/p>\n<p>&nbsp;<\/p>\n","protected":false},"excerpt":{"rendered":"<p>X\u1ed5 S\u1ed1 789P &#8211; Chinh Ph\u1ee5c Gi\u1ea3i Th\u01b0\u1edfng H\u00e0ng T\u1ef7 \u0110\u00f4 X\u1ed5 s\u1ed1 789P t\u1eeb l\u00e2u \u0111\u00e3 tr\u1edf th\u00e0nh \u0111i\u1ec3m \u0111\u1ebfn h\u00e0ng \u0111\u1ea7u c\u1ee7a h\u1ed9i vi\u00ean y\u00eau th\u00edch c\u00e1 c\u01b0\u1ee3c online, tr\u1ef1c tuy\u1ebfn. Nh\u00e0 c\u00e1i 789P mang \u0111\u1ebfn kho t\u00e0ng game c\u1ef1c \u0111a d\u1ea1ng v\u00e0 phong ph\u00fa, \u0111\u1ea3m b\u1ea3o ch\u1ea5t l\u01b0\u1ee3ng c\u1ef1c k\u1ef3 \u0111\u1ec9nh cao [&#8230;]\n","protected":false},"author":1,"featured_media":147,"parent":0,"menu_order":0,"comment_status":"closed","ping_status":"closed","template":"","meta":{"footnotes":""},"class_list":["post-146","page","type-page","status-publish","has-post-thumbnail","hentry"],"_links":{"self":[{"href":"https:\/\/inpasila.ru.com\/index.php\/wp-json\/wp\/v2\/pages\/146","targetHints":{"allow":["GET"]}}],"collection":[{"href":"https:\/\/inpasila.ru.com\/index.php\/wp-json\/wp\/v2\/pages"}],"about":[{"href":"https:\/\/inpasila.ru.com\/index.php\/wp-json\/wp\/v2\/types\/page"}],"author":[{"embeddable":true,"href":"https:\/\/inpasila.ru.com\/index.php\/wp-json\/wp\/v2\/users\/1"}],"replies":[{"embeddable":true,"href":"https:\/\/inpasila.ru.com\/index.php\/wp-json\/wp\/v2\/comments?post=146"}],"version-history":[{"count":2,"href":"https:\/\/inpasila.ru.com\/index.php\/wp-json\/wp\/v2\/pages\/146\/revisions"}],"predecessor-version":[{"id":153,"href":"https:\/\/inpasila.ru.com\/index.php\/wp-json\/wp\/v2\/pages\/146\/revisions\/153"}],"wp:featuredmedia":[{"embeddable":true,"href":"https:\/\/inpasila.ru.com\/index.php\/wp-json\/wp\/v2\/media\/147"}],"wp:attachment":[{"href":"https:\/\/inpasila.ru.com\/index.php\/wp-json\/wp\/v2\/media?parent=146"}],"curies":[{"name":"wp","href":"https:\/\/api.w.org\/{rel}","templated":true}]}}